{"id":529,"date":"2023-02-13T12:47:00","date_gmt":"2023-02-13T12:47:00","guid":{"rendered":"https:\/\/orascoptic.newyorkdental.hu\/?post_type=product&#038;p=529"},"modified":"2025-04-09T12:43:37","modified_gmt":"2025-04-09T12:43:37","slug":"endeavour-ii","status":"publish","type":"product","link":"https:\/\/orascoptic.newyorkdental.hu\/?product=endeavour-ii","title":{"rendered":"ENDEAVOUR\u2122 II"},"content":{"rendered":"<p>A m\u00e1sodik gener\u00e1ci\u00f3s Endeavour fejl\u00e1mpa <strong>hordozhat\u00f3, pontosan f\u00f3kusz\u00e1lt f\u00e9nysugara<\/strong> egyenletes f\u00e9nyeloszt\u00e1st biztos\u00edt a l\u00e1t\u00f3mez\u0151ben. K\u00e9nyelmes kapacit\u00edv \u00e9rint\u0151 szab\u00e1lyoz\u00f3j\u00e1nak k\u00f6sz\u00f6nhet\u0151en egyszer\u0171en \u00e9s gyorsan ellen\u0151rizheti a f\u00e9ny be\u00e1ll\u00edt\u00e1sokat an\u00e9lk\u00fcl, hogy a zseb\u00e9be kelljen ny\u00falnia.<\/p>\n<p><strong>Egyenletes f\u00e9nyeloszt\u00e1s<\/strong><br \/>\nA homog\u00e9n kerek folt eloszlik, egyenletesen vil\u00e1g\u00edt a l\u00e1t\u00f3mez\u0151ben.<\/p>\n<p><strong>\u00c1lland\u00f3 \u00e1ram\u00fa technol\u00f3gia<\/strong><br \/>\nA f\u00e9nyer\u0151 nem cs\u00f6kken az akkumul\u00e1tor csomag m\u0171k\u00f6d\u00e9si ideje alatt.<\/p>\n<p><strong>Speci\u00e1lis kapacit\u00edv \u00e9rint\u00e9svez\u00e9rl\u0151<\/strong><br \/>\nA f\u00e9ny gyors be\u00e1ll\u00edt\u00e1sa an\u00e9lk\u00fcl, hogy a kab\u00e1t vagy a nadr\u00e1g zseb\u00e9be kellene ny\u00falnia.<\/p>\n<p><strong>V\u00e1ltoztathat\u00f3 f\u00e9nyer\u0151<\/strong><br \/>\n3 f\u00e9nyintenzit\u00e1si szintet biztos\u00edt 68 lumenig<\/p>\n<p><strong>Levehet\u0151 k\u00e1bel<\/strong><br \/>\nTart\u00f3s Kevlar\u00ae-szer\u0171 sz\u00e1lakb\u00f3l<\/p>\n<p><strong>Akkumul\u00e1torh\u00e1z<\/strong><br \/>\nAlum\u00ednium<\/p>\n","protected":false},"excerpt":{"rendered":"<ul>\n<li style=\"font-weight: 400;\" aria-level=\"2\"><span style=\"font-weight: 400;\">F\u00e9ny intenzit\u00e1s: 44\/68\/91 Lumen<\/span><\/li>\n<li style=\"font-weight: 400;\" aria-level=\"2\"><span style=\"font-weight: 400;\">Intenzit\u00e1s vez\u00e9rl\u00e9s: Kapacit\u00edv<\/span><\/li>\n<li style=\"font-weight: 400;\" aria-level=\"2\"><span style=\"font-weight: 400;\">A l\u00e1mpa s\u00falya: 10,8 gramm<\/span><\/li>\n<li style=\"font-weight: 400;\" aria-level=\"2\"><span style=\"font-weight: 400;\">Akku t\u00edpusa: Lithium-ion<\/span><\/li>\n<li style=\"font-weight: 400;\" aria-level=\"2\"><span style=\"font-weight: 400;\">Akku s\u00falya: 138 gramm<\/span><\/li>\n<li aria-level=\"2\">Akku \u00e9lettartam: t\u00f6bb, mint 21 \u00f3ra<\/li>\n<li aria-level=\"2\">T\u00f6lt\u00e9si id\u0151: t\u00f6bb, mint 3 \u00f3ra<\/li>\n<\/ul>\n","protected":false},"featured_media":525,"comment_status":"open","ping_status":"closed","template":"","meta":[],"yoast_head":"<!-- This site is optimized with the Yoast SEO plugin v16.2 - https:\/\/yoast.com\/wordpress\/plugins\/seo\/ -->\n<title>ENDEAVOUR\u2122 II - Orascoptic<\/title>\n<meta name=\"robots\" content=\"index, follow, max-snippet:-1, max-image-preview:large, max-video-preview:-1\" \/>\n<link rel=\"canonical\" href=\"https:\/\/orascoptic.newyorkdental.hu\/?product=endeavour-ii\" \/>\n<meta property=\"og:locale\" content=\"hu_HU\" \/>\n<meta property=\"og:type\" content=\"article\" \/>\n<meta property=\"og:title\" content=\"ENDEAVOUR\u2122 II - Orascoptic\" \/>\n<meta property=\"og:description\" content=\"F\u00e9ny intenzit\u00e1s: 44\/68\/91 Lumen  Intenzit\u00e1s vez\u00e9rl\u00e9s: Kapacit\u00edv  A l\u00e1mpa s\u00falya: 10,8 gramm  Akku t\u00edpusa: Lithium-ion  Akku s\u00falya: 138 gramm  Akku \u00e9lettartam: t\u00f6bb, mint 21 \u00f3ra  T\u00f6lt\u00e9si id\u0151: t\u00f6bb, mint 3 \u00f3ra\" \/>\n<meta property=\"og:url\" content=\"https:\/\/orascoptic.newyorkdental.hu\/?product=endeavour-ii\" \/>\n<meta property=\"og:site_name\" content=\"Orascoptic\" \/>\n<meta property=\"article:modified_time\" content=\"2025-04-09T12:43:37+00:00\" \/>\n<meta property=\"og:image\" content=\"https:\/\/orascoptic.newyorkdental.hu\/wp-content\/uploads\/2023\/02\/Endeavour-category_816x464.jpg\" \/>\n\t<meta property=\"og:image:width\" content=\"816\" \/>\n\t<meta property=\"og:image:height\" content=\"464\" \/>\n<meta name=\"twitter:card\" content=\"summary_large_image\" \/>\n<meta name=\"twitter:label1\" content=\"Becs\u00fclt olvas\u00e1si id\u0151\">\n\t<meta name=\"twitter:data1\" content=\"1 perc\">\n<script type=\"application\/ld+json\" class=\"yoast-schema-graph\">{\"@context\":\"https:\/\/schema.org\",\"@graph\":[{\"@type\":\"WebSite\",\"@id\":\"http:\/\/orascoptic.newyorkdental.hu\/#website\",\"url\":\"http:\/\/orascoptic.newyorkdental.hu\/\",\"name\":\"Orascoptic\",\"description\":\"Professzion\\u00e1lis orvosi lup\\u00e9k\",\"potentialAction\":[{\"@type\":\"SearchAction\",\"target\":\"http:\/\/orascoptic.newyorkdental.hu\/?s={search_term_string}\",\"query-input\":\"required name=search_term_string\"}],\"inLanguage\":\"hu\"},{\"@type\":\"ImageObject\",\"@id\":\"https:\/\/orascoptic.newyorkdental.hu\/?product=endeavour-ii#primaryimage\",\"inLanguage\":\"hu\",\"url\":\"https:\/\/orascoptic.newyorkdental.hu\/wp-content\/uploads\/2023\/02\/Endeavour-category_816x464.jpg\",\"contentUrl\":\"https:\/\/orascoptic.newyorkdental.hu\/wp-content\/uploads\/2023\/02\/Endeavour-category_816x464.jpg\",\"width\":816,\"height\":464},{\"@type\":\"WebPage\",\"@id\":\"https:\/\/orascoptic.newyorkdental.hu\/?product=endeavour-ii#webpage\",\"url\":\"https:\/\/orascoptic.newyorkdental.hu\/?product=endeavour-ii\",\"name\":\"ENDEAVOUR\\u2122 II - Orascoptic\",\"isPartOf\":{\"@id\":\"http:\/\/orascoptic.newyorkdental.hu\/#website\"},\"primaryImageOfPage\":{\"@id\":\"https:\/\/orascoptic.newyorkdental.hu\/?product=endeavour-ii#primaryimage\"},\"datePublished\":\"2023-02-13T12:47:00+00:00\",\"dateModified\":\"2025-04-09T12:43:37+00:00\",\"breadcrumb\":{\"@id\":\"https:\/\/orascoptic.newyorkdental.hu\/?product=endeavour-ii#breadcrumb\"},\"inLanguage\":\"hu\",\"potentialAction\":[{\"@type\":\"ReadAction\",\"target\":[\"https:\/\/orascoptic.newyorkdental.hu\/?product=endeavour-ii\"]}]},{\"@type\":\"BreadcrumbList\",\"@id\":\"https:\/\/orascoptic.newyorkdental.hu\/?product=endeavour-ii#breadcrumb\",\"itemListElement\":[{\"@type\":\"ListItem\",\"position\":1,\"item\":{\"@type\":\"WebPage\",\"@id\":\"https:\/\/orascoptic.newyorkdental.hu\/\",\"url\":\"https:\/\/orascoptic.newyorkdental.hu\/\",\"name\":\"Kezd\\u0151lap\"}},{\"@type\":\"ListItem\",\"position\":2,\"item\":{\"@type\":\"WebPage\",\"@id\":\"https:\/\/orascoptic.newyorkdental.hu\/?page_id=256\",\"url\":\"https:\/\/orascoptic.newyorkdental.hu\/?page_id=256\",\"name\":\"\\u00dczlet\"}},{\"@type\":\"ListItem\",\"position\":3,\"item\":{\"@id\":\"https:\/\/orascoptic.newyorkdental.hu\/?product=endeavour-ii#webpage\"}}]}]}<\/script>\n<!-- \/ Yoast SEO plugin. -->","_links":{"self":[{"href":"https:\/\/orascoptic.newyorkdental.hu\/index.php?rest_route=\/wp\/v2\/product\/529"}],"collection":[{"href":"https:\/\/orascoptic.newyorkdental.hu\/index.php?rest_route=\/wp\/v2\/product"}],"about":[{"href":"https:\/\/orascoptic.newyorkdental.hu\/index.php?rest_route=\/wp\/v2\/types\/product"}],"replies":[{"embeddable":true,"href":"https:\/\/orascoptic.newyorkdental.hu\/index.php?rest_route=%2Fwp%2Fv2%2Fcomments&post=529"}],"wp:featuredmedia":[{"embeddable":true,"href":"https:\/\/orascoptic.newyorkdental.hu\/index.php?rest_route=\/wp\/v2\/media\/525"}],"wp:attachment":[{"href":"https:\/\/orascoptic.newyorkdental.hu\/index.php?rest_route=%2Fwp%2Fv2%2Fmedia&parent=529"}],"curies":[{"name":"wp","href":"https:\/\/api.w.org\/{rel}","templated":true}]}}