{"id":524,"date":"2023-02-13T11:28:09","date_gmt":"2023-02-13T11:28:09","guid":{"rendered":"https:\/\/orascoptic.newyorkdental.hu\/?post_type=product&#038;p=524"},"modified":"2025-04-09T12:44:30","modified_gmt":"2025-04-09T12:44:30","slug":"endeavour-xl","status":"publish","type":"product","link":"https:\/\/orascoptic.newyorkdental.hu\/?product=endeavour-xl","title":{"rendered":"Endeavour\u2122 XL"},"content":{"rendered":"<p>Az Endeavour XL fejl\u00e1mpa<strong> pontos f\u00e9nysug\u00e1rral rendelkezik<\/strong>, amely seg\u00edt a kritikus r\u00e9szletek megvil\u00e1g\u00edt\u00e1s\u00e1ban, amelyeket gyakran szabad szemmel nem is l\u00e1that\u00f3ak.<br \/>\n<span style=\"font-weight: 400;\">Az Endeavour XL fejl\u00e1mpa <strong>25%-al hosszabb \u00e9lettartalm\u00fa<\/strong> el\u0151dj\u00e9n\u00e9l az Endeavour II-n\u00e9l \u00e9s pontos centraliz\u00e1lt egyenletes spot min\u0151s\u00e9ggel\u00a0 rendelkezik. <\/span><br \/>\nAz akkumul\u00e1tor <strong>24 \u00f3r\u00e1n kereszt\u00fcl<\/strong> biztos\u00edt egyenletes energia ell\u00e1t\u00e1st a fejl\u00e1mp\u00e1nak. El\u0151dj\u00e9hez k\u00e9pest 25% -kal jobb f\u00e9nykibocs\u00e1t\u00e1s mellett, ami ak\u00e1r<strong> 115 Lumen<\/strong> is lehet, a f\u00e9nysz\u00f3r\u00f3 lehet\u0151v\u00e9 teszi a felhaszn\u00e1l\u00f3 sz\u00e1m\u00e1ra az optim\u00e1lis f\u00e9nykibocs\u00e1t\u00e1st<br \/>\naz egyes elj\u00e1r\u00e1sokhoz.<\/p>\n<p><strong>Megn\u00f6velt f\u00e9nykibocs\u00e1t\u00e1s<\/strong><br \/>\n25%-kal er\u0151sebb a f\u00e9nye, mint az<br \/>\nOrascoptic\u2122 Endeavour\u2122 vil\u00e1g\u00edt\u00e1snak.<\/p>\n<p><strong>Hosszabb \u00fczemid\u0151<\/strong><br \/>\nAk\u00e1r 24 \u00f3r\u00e1s akkumul\u00e1torid\u0151.<\/p>\n<p><strong>Speci\u00e1lis kapacit\u00edv \u00e9rint\u00e9svez\u00e9rl\u0151k<\/strong><br \/>\nA f\u00e9ny intenzit\u00e1s gyors be\u00e1ll\u00edt\u00e1sa an\u00e9lk\u00fcl, hogy a kab\u00e1t vagy a nadr\u00e1g zseb\u00e9be kellene ny\u00falnia.<\/p>\n<p><strong>V\u00e1ltoztathat\u00f3 f\u00e9nyer\u0151<\/strong><br \/>\nAlacsony, k\u00f6zepes \u00e9s magas f\u00e9nyer\u0151t biztos\u00edt.<br \/>\nA f\u00e9nyintenzit\u00e1s szintje ak\u00e1r 85 lumen is lehet.<\/p>\n<p><strong>Levehet\u0151 k\u00e1bel<\/strong><br \/>\nTart\u00f3s Kevlar\u00ae-szer\u0171 sz\u00e1lakb\u00f3l<\/p>\n<p><strong>Akkumul\u00e1torh\u00e1z<\/strong><br \/>\nAlum\u00ednium<\/p>\n","protected":false},"excerpt":{"rendered":"<ul>\n<li style=\"font-weight: 400;\" aria-level=\"2\"><span style=\"font-weight: 400;\">F\u00e9ny intenzit\u00e1s: 68\/90\/115 Lumen<\/span><\/li>\n<li style=\"font-weight: 400;\" aria-level=\"2\"><span style=\"font-weight: 400;\">Intenzit\u00e1s vez\u00e9rl\u00e9s: Kapacit\u00edv<\/span><\/li>\n<li style=\"font-weight: 400;\" aria-level=\"2\"><span style=\"font-weight: 400;\">A l\u00e1mpa s\u00falya: 10,8 gramm<\/span><\/li>\n<li style=\"font-weight: 400;\" aria-level=\"2\"><span style=\"font-weight: 400;\">Akku t\u00edpusa: Lithium-ion<\/span><\/li>\n<li style=\"font-weight: 400;\" aria-level=\"2\"><span style=\"font-weight: 400;\">Akku s\u00falya: 206 gramm<\/span><\/li>\n<li aria-level=\"2\">Akku \u00e9lettartam: t\u00f6bb, mint 24 \u00f3ra<\/li>\n<li aria-level=\"2\">T\u00f6lt\u00e9si id\u0151: t\u00f6bb, mint 6 \u00f3ra<\/li>\n<\/ul>\n","protected":false},"featured_media":526,"comment_status":"open","ping_status":"closed","template":"","meta":[],"yoast_head":"<!-- This site is optimized with the Yoast SEO plugin v16.2 - https:\/\/yoast.com\/wordpress\/plugins\/seo\/ -->\n<title>Endeavour\u2122 XL - Orascoptic<\/title>\n<meta name=\"robots\" content=\"index, follow, max-snippet:-1, max-image-preview:large, max-video-preview:-1\" \/>\n<link rel=\"canonical\" href=\"https:\/\/orascoptic.newyorkdental.hu\/?product=endeavour-xl\" \/>\n<meta property=\"og:locale\" content=\"hu_HU\" \/>\n<meta property=\"og:type\" content=\"article\" \/>\n<meta property=\"og:title\" content=\"Endeavour\u2122 XL - Orascoptic\" \/>\n<meta property=\"og:description\" content=\"F\u00e9ny intenzit\u00e1s: 68\/90\/115 Lumen  Intenzit\u00e1s vez\u00e9rl\u00e9s: Kapacit\u00edv  A l\u00e1mpa s\u00falya: 10,8 gramm  Akku t\u00edpusa: Lithium-ion  Akku s\u00falya: 206 gramm  Akku \u00e9lettartam: t\u00f6bb, mint 24 \u00f3ra  T\u00f6lt\u00e9si id\u0151: t\u00f6bb, mint 6 \u00f3ra\" \/>\n<meta property=\"og:url\" content=\"https:\/\/orascoptic.newyorkdental.hu\/?product=endeavour-xl\" \/>\n<meta property=\"og:site_name\" content=\"Orascoptic\" \/>\n<meta property=\"article:modified_time\" content=\"2025-04-09T12:44:30+00:00\" \/>\n<meta property=\"og:image\" content=\"https:\/\/orascoptic.newyorkdental.hu\/wp-content\/uploads\/2023\/02\/EndeavourXL-category_816x464.jpg\" \/>\n\t<meta property=\"og:image:width\" content=\"816\" \/>\n\t<meta property=\"og:image:height\" content=\"464\" \/>\n<meta name=\"twitter:card\" content=\"summary_large_image\" \/>\n<meta name=\"twitter:label1\" content=\"Becs\u00fclt olvas\u00e1si id\u0151\">\n\t<meta name=\"twitter:data1\" content=\"1 perc\">\n<script type=\"application\/ld+json\" class=\"yoast-schema-graph\">{\"@context\":\"https:\/\/schema.org\",\"@graph\":[{\"@type\":\"WebSite\",\"@id\":\"http:\/\/orascoptic.newyorkdental.hu\/#website\",\"url\":\"http:\/\/orascoptic.newyorkdental.hu\/\",\"name\":\"Orascoptic\",\"description\":\"Professzion\\u00e1lis orvosi lup\\u00e9k\",\"potentialAction\":[{\"@type\":\"SearchAction\",\"target\":\"http:\/\/orascoptic.newyorkdental.hu\/?s={search_term_string}\",\"query-input\":\"required name=search_term_string\"}],\"inLanguage\":\"hu\"},{\"@type\":\"ImageObject\",\"@id\":\"https:\/\/orascoptic.newyorkdental.hu\/?product=endeavour-xl#primaryimage\",\"inLanguage\":\"hu\",\"url\":\"https:\/\/orascoptic.newyorkdental.hu\/wp-content\/uploads\/2023\/02\/EndeavourXL-category_816x464.jpg\",\"contentUrl\":\"https:\/\/orascoptic.newyorkdental.hu\/wp-content\/uploads\/2023\/02\/EndeavourXL-category_816x464.jpg\",\"width\":816,\"height\":464},{\"@type\":\"WebPage\",\"@id\":\"https:\/\/orascoptic.newyorkdental.hu\/?product=endeavour-xl#webpage\",\"url\":\"https:\/\/orascoptic.newyorkdental.hu\/?product=endeavour-xl\",\"name\":\"Endeavour\\u2122 XL - Orascoptic\",\"isPartOf\":{\"@id\":\"http:\/\/orascoptic.newyorkdental.hu\/#website\"},\"primaryImageOfPage\":{\"@id\":\"https:\/\/orascoptic.newyorkdental.hu\/?product=endeavour-xl#primaryimage\"},\"datePublished\":\"2023-02-13T11:28:09+00:00\",\"dateModified\":\"2025-04-09T12:44:30+00:00\",\"breadcrumb\":{\"@id\":\"https:\/\/orascoptic.newyorkdental.hu\/?product=endeavour-xl#breadcrumb\"},\"inLanguage\":\"hu\",\"potentialAction\":[{\"@type\":\"ReadAction\",\"target\":[\"https:\/\/orascoptic.newyorkdental.hu\/?product=endeavour-xl\"]}]},{\"@type\":\"BreadcrumbList\",\"@id\":\"https:\/\/orascoptic.newyorkdental.hu\/?product=endeavour-xl#breadcrumb\",\"itemListElement\":[{\"@type\":\"ListItem\",\"position\":1,\"item\":{\"@type\":\"WebPage\",\"@id\":\"https:\/\/orascoptic.newyorkdental.hu\/\",\"url\":\"https:\/\/orascoptic.newyorkdental.hu\/\",\"name\":\"Kezd\\u0151lap\"}},{\"@type\":\"ListItem\",\"position\":2,\"item\":{\"@type\":\"WebPage\",\"@id\":\"https:\/\/orascoptic.newyorkdental.hu\/?page_id=256\",\"url\":\"https:\/\/orascoptic.newyorkdental.hu\/?page_id=256\",\"name\":\"\\u00dczlet\"}},{\"@type\":\"ListItem\",\"position\":3,\"item\":{\"@id\":\"https:\/\/orascoptic.newyorkdental.hu\/?product=endeavour-xl#webpage\"}}]}]}<\/script>\n<!-- \/ Yoast SEO plugin. -->","_links":{"self":[{"href":"https:\/\/orascoptic.newyorkdental.hu\/index.php?rest_route=\/wp\/v2\/product\/524"}],"collection":[{"href":"https:\/\/orascoptic.newyorkdental.hu\/index.php?rest_route=\/wp\/v2\/product"}],"about":[{"href":"https:\/\/orascoptic.newyorkdental.hu\/index.php?rest_route=\/wp\/v2\/types\/product"}],"replies":[{"embeddable":true,"href":"https:\/\/orascoptic.newyorkdental.hu\/index.php?rest_route=%2Fwp%2Fv2%2Fcomments&post=524"}],"wp:featuredmedia":[{"embeddable":true,"href":"https:\/\/orascoptic.newyorkdental.hu\/index.php?rest_route=\/wp\/v2\/media\/526"}],"wp:attachment":[{"href":"https:\/\/orascoptic.newyorkdental.hu\/index.php?rest_route=%2Fwp%2Fv2%2Fmedia&parent=524"}],"curies":[{"name":"wp","href":"https:\/\/api.w.org\/{rel}","templated":true}]}}