{"id":1159,"date":"2025-04-11T11:12:55","date_gmt":"2025-04-11T11:12:55","guid":{"rendered":"https:\/\/orascoptic.newyorkdental.hu\/?post_type=product&#038;p=1159"},"modified":"2025-04-28T06:34:06","modified_gmt":"2025-04-28T06:34:06","slug":"rdh-elelvate","status":"publish","type":"product","link":"https:\/\/orascoptic.newyorkdental.hu\/?product=rdh-elelvate","title":{"rendered":"RDH Elelvate v\u00e1laszthat\u00f3 keret"},"content":{"rendered":"<div class=\"paragraph normal ng-star-inserted\" data-start-index=\"59\"><span class=\"ng-star-inserted\" data-start-index=\"59\">Az <\/span><strong><span class=\"bold ng-star-inserted\" data-start-index=\"62\">RDH Elevate egy f\u00e9m keret az RDH term\u00e9kcsal\u00e1dban<\/span><\/strong><span class=\"ng-star-inserted\" data-start-index=\"110\"> \u2013 kiz\u00e1r\u00f3lag fog\u00e1szati higi\u00e9nikusok sz\u00e1m\u00e1ra el\u00e9rhet\u0151.<\/span><\/div>\n<div data-start-index=\"59\"><\/div>\n<div class=\"paragraph normal ng-star-inserted\" data-start-index=\"59\"><span class=\"ng-star-inserted\" data-start-index=\"110\">Ezt a keretet \u00fagy tervezt\u00e9k, hogy <\/span><span class=\"bold ng-star-inserted\" data-start-index=\"198\">megsz\u00fcntesse a k\u00e9nyelmetlens\u00e9get \u00e9s a zavar\u00f3 t\u00e9nyez\u0151ket<\/span><span class=\"ng-star-inserted\" data-start-index=\"253\">, mik\u00f6zben tov\u00e1bbra is <\/span><span class=\"bold ng-star-inserted\" data-start-index=\"276\">priorit\u00e1st \u00e9lvez a st\u00edlus<\/span><span class=\"ng-star-inserted\" data-start-index=\"301\">. A legt\u00f6bb divatos keretet nem fog\u00e1szati lup\u00e9khoz tervezik, de sok gy\u00e1rt\u00f3 m\u00e9gis ezeket haszn\u00e1lja. Az <\/span><span class=\"bold ng-star-inserted\" data-start-index=\"419\">RDH Elevate kiemelkedik a norm\u00e1b\u00f3l<\/span><span class=\"ng-star-inserted\" data-start-index=\"453\"> az\u00e1ltal, hogy <\/span><span class=\"bold ng-star-inserted\" data-start-index=\"468\">egy <strong>kifejezetten fog\u00e1szati lup\u00e9khoz<\/strong> k\u00e9sz\u00fclt keretet k\u00edn\u00e1l tit\u00e1nium alappal a tart\u00f3ss\u00e1g biztos\u00edt\u00e1sa \u00e9rdek\u00e9ben<\/span><span class=\"ng-star-inserted\" data-start-index=\"579\">, mik\u00f6zben tov\u00e1bbra is <\/span><span class=\"bold ng-star-inserted\" data-start-index=\"602\">divatos opci\u00f3t ny\u00fajt a st\u00edlusos dent\u00e1lhigi\u00e9nikusok sz\u00e1m\u00e1ra<\/span><span class=\"ng-star-inserted\" data-start-index=\"664\">.<\/span><\/div>\n<div data-start-index=\"423\">\n<ul>\n<li aria-level=\"1\">Tit\u00e1nium, Acet\u00e1t<\/li>\n<li aria-level=\"1\">Minden lup\u00e9val kompatibilis<\/li>\n<li aria-level=\"1\">Lencs\u00e9n kereszt\u00fcli foglalati lehet\u0151s\u00e9g<\/li>\n<li aria-level=\"1\">Be\u00e9p\u00edtett csatorna a vil\u00e1g\u00edt\u00e1s k\u00e1belnek<\/li>\n<li aria-level=\"1\">\u00c1ll\u00edthat\u00f3 orrt\u00e1masz<\/li>\n<li aria-level=\"1\">2 m\u00e9ret (kicsi \/ norm\u00e1l)<\/li>\n<li aria-level=\"1\">S\u00faly: 19.5 gramm<\/li>\n<li aria-level=\"1\"><span style=\"font-weight: 400;\">v\u00e1laszthat\u00f3 sz\u00ednek:<\/span><\/li>\n<\/ul>\n<p><img loading=\"lazy\" class=\"alignnone wp-image-1160 size-full\" src=\"https:\/\/orascoptic.newyorkdental.hu\/wp-content\/uploads\/2025\/04\/RDH-Elevate-keret-szinek.png\" alt=\"Orascoptic RDH Elevator v\u00e1laszthat\u00f3 keret\" width=\"834\" height=\"226\" srcset=\"https:\/\/orascoptic.newyorkdental.hu\/wp-content\/uploads\/2025\/04\/RDH-Elevate-keret-szinek.png 834w, https:\/\/orascoptic.newyorkdental.hu\/wp-content\/uploads\/2025\/04\/RDH-Elevate-keret-szinek-300x81.png 300w, https:\/\/orascoptic.newyorkdental.hu\/wp-content\/uploads\/2025\/04\/RDH-Elevate-keret-szinek-768x208.png 768w, https:\/\/orascoptic.newyorkdental.hu\/wp-content\/uploads\/2025\/04\/RDH-Elevate-keret-szinek-600x163.png 600w\" sizes=\"(max-width: 834px) 100vw, 834px\" \/><\/p>\n<\/div>\n<p>&nbsp;<\/p>\n","protected":false},"excerpt":{"rendered":"<p>Az RDH Elevate egy f\u00e9m keret az RDH term\u00e9kcsal\u00e1dban \u2013 kiz\u00e1r\u00f3lag fog\u00e1szati higi\u00e9nikusok sz\u00e1m\u00e1ra el\u00e9rhet\u0151. Ezt a keretet \u00fagy tervezt\u00e9k, hogy megsz\u00fcntesse a k\u00e9nyelmetlens\u00e9get \u00e9s a zavar\u00f3 t\u00e9nyez\u0151ket, mik\u00f6zben tov\u00e1bbra is priorit\u00e1st \u00e9lvez a st\u00edlus. A legt\u00f6bb divatos keretet nem fog\u00e1szati lup\u00e9khoz tervezik, de sok gy\u00e1rt\u00f3 m\u00e9gis ezeket haszn\u00e1lja. Az RDH Elevate kiemelkedik a norm\u00e1b\u00f3l [&hellip;]<\/p>\n","protected":false},"featured_media":1161,"comment_status":"open","ping_status":"closed","template":"","meta":[],"yoast_head":"<!-- This site is optimized with the Yoast SEO plugin v16.2 - https:\/\/yoast.com\/wordpress\/plugins\/seo\/ -->\n<title>RDH Elelvate v\u00e1laszthat\u00f3 keret - Orascoptic<\/title>\n<meta name=\"robots\" content=\"index, follow, max-snippet:-1, max-image-preview:large, max-video-preview:-1\" \/>\n<link rel=\"canonical\" href=\"https:\/\/orascoptic.newyorkdental.hu\/?product=rdh-elelvate\" \/>\n<meta property=\"og:locale\" content=\"hu_HU\" \/>\n<meta property=\"og:type\" content=\"article\" \/>\n<meta property=\"og:title\" content=\"RDH Elelvate v\u00e1laszthat\u00f3 keret - Orascoptic\" \/>\n<meta property=\"og:description\" content=\"Az RDH Elevate egy f\u00e9m keret az RDH term\u00e9kcsal\u00e1dban \u2013 kiz\u00e1r\u00f3lag fog\u00e1szati higi\u00e9nikusok sz\u00e1m\u00e1ra el\u00e9rhet\u0151. Ezt a keretet \u00fagy tervezt\u00e9k, hogy megsz\u00fcntesse a k\u00e9nyelmetlens\u00e9get \u00e9s a zavar\u00f3 t\u00e9nyez\u0151ket, mik\u00f6zben tov\u00e1bbra is priorit\u00e1st \u00e9lvez a st\u00edlus. A legt\u00f6bb divatos keretet nem fog\u00e1szati lup\u00e9khoz tervezik, de sok gy\u00e1rt\u00f3 m\u00e9gis ezeket haszn\u00e1lja. Az RDH Elevate kiemelkedik a norm\u00e1b\u00f3l [&hellip;]\" \/>\n<meta property=\"og:url\" content=\"https:\/\/orascoptic.newyorkdental.hu\/?product=rdh-elelvate\" \/>\n<meta property=\"og:site_name\" content=\"Orascoptic\" \/>\n<meta property=\"article:modified_time\" content=\"2025-04-28T06:34:06+00:00\" \/>\n<meta property=\"og:image\" content=\"https:\/\/orascoptic.newyorkdental.hu\/wp-content\/uploads\/2025\/04\/Elevate-black-front.jpg\" \/>\n\t<meta property=\"og:image:width\" content=\"300\" \/>\n\t<meta property=\"og:image:height\" content=\"150\" \/>\n<meta name=\"twitter:card\" content=\"summary_large_image\" \/>\n<meta name=\"twitter:label1\" content=\"Becs\u00fclt olvas\u00e1si id\u0151\">\n\t<meta name=\"twitter:data1\" content=\"1 perc\">\n<script type=\"application\/ld+json\" class=\"yoast-schema-graph\">{\"@context\":\"https:\/\/schema.org\",\"@graph\":[{\"@type\":\"WebSite\",\"@id\":\"http:\/\/orascoptic.newyorkdental.hu\/#website\",\"url\":\"http:\/\/orascoptic.newyorkdental.hu\/\",\"name\":\"Orascoptic\",\"description\":\"Professzion\\u00e1lis orvosi lup\\u00e9k\",\"potentialAction\":[{\"@type\":\"SearchAction\",\"target\":\"http:\/\/orascoptic.newyorkdental.hu\/?s={search_term_string}\",\"query-input\":\"required name=search_term_string\"}],\"inLanguage\":\"hu\"},{\"@type\":\"ImageObject\",\"@id\":\"https:\/\/orascoptic.newyorkdental.hu\/?product=rdh-elelvate#primaryimage\",\"inLanguage\":\"hu\",\"url\":\"https:\/\/orascoptic.newyorkdental.hu\/wp-content\/uploads\/2025\/04\/Elevate-black-front.jpg\",\"contentUrl\":\"https:\/\/orascoptic.newyorkdental.hu\/wp-content\/uploads\/2025\/04\/Elevate-black-front.jpg\",\"width\":300,\"height\":150,\"caption\":\"Orascoptic RDH Elevate\"},{\"@type\":\"WebPage\",\"@id\":\"https:\/\/orascoptic.newyorkdental.hu\/?product=rdh-elelvate#webpage\",\"url\":\"https:\/\/orascoptic.newyorkdental.hu\/?product=rdh-elelvate\",\"name\":\"RDH Elelvate v\\u00e1laszthat\\u00f3 keret - Orascoptic\",\"isPartOf\":{\"@id\":\"http:\/\/orascoptic.newyorkdental.hu\/#website\"},\"primaryImageOfPage\":{\"@id\":\"https:\/\/orascoptic.newyorkdental.hu\/?product=rdh-elelvate#primaryimage\"},\"datePublished\":\"2025-04-11T11:12:55+00:00\",\"dateModified\":\"2025-04-28T06:34:06+00:00\",\"breadcrumb\":{\"@id\":\"https:\/\/orascoptic.newyorkdental.hu\/?product=rdh-elelvate#breadcrumb\"},\"inLanguage\":\"hu\",\"potentialAction\":[{\"@type\":\"ReadAction\",\"target\":[\"https:\/\/orascoptic.newyorkdental.hu\/?product=rdh-elelvate\"]}]},{\"@type\":\"BreadcrumbList\",\"@id\":\"https:\/\/orascoptic.newyorkdental.hu\/?product=rdh-elelvate#breadcrumb\",\"itemListElement\":[{\"@type\":\"ListItem\",\"position\":1,\"item\":{\"@type\":\"WebPage\",\"@id\":\"https:\/\/orascoptic.newyorkdental.hu\/\",\"url\":\"https:\/\/orascoptic.newyorkdental.hu\/\",\"name\":\"Kezd\\u0151lap\"}},{\"@type\":\"ListItem\",\"position\":2,\"item\":{\"@type\":\"WebPage\",\"@id\":\"https:\/\/orascoptic.newyorkdental.hu\/?page_id=256\",\"url\":\"https:\/\/orascoptic.newyorkdental.hu\/?page_id=256\",\"name\":\"\\u00dczlet\"}},{\"@type\":\"ListItem\",\"position\":3,\"item\":{\"@id\":\"https:\/\/orascoptic.newyorkdental.hu\/?product=rdh-elelvate#webpage\"}}]}]}<\/script>\n<!-- \/ Yoast SEO plugin. -->","_links":{"self":[{"href":"https:\/\/orascoptic.newyorkdental.hu\/index.php?rest_route=\/wp\/v2\/product\/1159"}],"collection":[{"href":"https:\/\/orascoptic.newyorkdental.hu\/index.php?rest_route=\/wp\/v2\/product"}],"about":[{"href":"https:\/\/orascoptic.newyorkdental.hu\/index.php?rest_route=\/wp\/v2\/types\/product"}],"replies":[{"embeddable":true,"href":"https:\/\/orascoptic.newyorkdental.hu\/index.php?rest_route=%2Fwp%2Fv2%2Fcomments&post=1159"}],"wp:featuredmedia":[{"embeddable":true,"href":"https:\/\/orascoptic.newyorkdental.hu\/index.php?rest_route=\/wp\/v2\/media\/1161"}],"wp:attachment":[{"href":"https:\/\/orascoptic.newyorkdental.hu\/index.php?rest_route=%2Fwp%2Fv2%2Fmedia&parent=1159"}],"curies":[{"name":"wp","href":"https:\/\/api.w.org\/{rel}","templated":true}]}}