{"id":1502,"date":"2026-04-20T07:42:09","date_gmt":"2026-04-20T07:42:09","guid":{"rendered":"https:\/\/orascoptic.newyorkdental.hu\/?page_id=1502"},"modified":"2026-04-20T08:05:48","modified_gmt":"2026-04-20T08:05:48","slug":"a-nagyitas-szerepe-a-modern-fogaszatban-a-precizitas-uj-szintje","status":"publish","type":"page","link":"https:\/\/orascoptic.newyorkdental.hu\/?page_id=1502","title":{"rendered":"A nagy\u00edt\u00e1s szerepe a modern fog\u00e1szatban \u2013 a precizit\u00e1s \u00faj szintje"},"content":{"rendered":"\t\t<div data-elementor-type=\"wp-page\" data-elementor-id=\"1502\" class=\"elementor elementor-1502\" data-elementor-settings=\"[]\">\n\t\t\t\t\t\t<div class=\"elementor-inner\">\n\t\t\t\t\t\t\t<div class=\"elementor-section-wrap\">\n\t\t\t\t\t\t\t<section class=\"elementor-section elementor-top-section elementor-element elementor-element-70a750f elementor-section-boxed elementor-section-height-default elementor-section-height-default\" data-id=\"70a750f\" data-element_type=\"section\" id=\"rlupek\">\n\t\t\t\t\t\t<div class=\"elementor-container elementor-column-gap-default\">\n\t\t\t\t\t\t\t<div class=\"elementor-row\">\n\t\t\t\t\t<div class=\"elementor-column elementor-col-100 elementor-top-column elementor-element elementor-element-d71b2ec\" data-id=\"d71b2ec\" data-element_type=\"column\">\n\t\t\t<div class=\"elementor-column-wrap elementor-element-populated\">\n\t\t\t\t\t\t\t<div class=\"elementor-widget-wrap\">\n\t\t\t\t\t\t<section class=\"elementor-section elementor-inner-section elementor-element elementor-element-64b4445 elementor-section-boxed elementor-section-height-default elementor-section-height-default\" data-id=\"64b4445\" data-element_type=\"section\">\n\t\t\t\t\t\t<div class=\"elementor-container elementor-column-gap-default\">\n\t\t\t\t\t\t\t<div class=\"elementor-row\">\n\t\t\t\t\t<div class=\"elementor-column elementor-col-100 elementor-inner-column elementor-element elementor-element-56dc922\" data-id=\"56dc922\" data-element_type=\"column\">\n\t\t\t<div class=\"elementor-column-wrap elementor-element-populated\">\n\t\t\t\t\t\t\t<div class=\"elementor-widget-wrap\">\n\t\t\t\t\t\t<div class=\"elementor-element elementor-element-0d7497d elementor-invisible elementor-widget elementor-widget-alert\" data-id=\"0d7497d\" data-element_type=\"widget\" data-settings=\"{&quot;_animation&quot;:&quot;fadeInDown&quot;}\" data-widget_type=\"alert.default\">\n\t\t\t\t<div class=\"elementor-widget-container\">\n\t\t\t\t\t<div class=\"elementor-alert elementor-alert-info\" role=\"alert\">\n\t\t\t<span class=\"elementor-alert-title\">A nagy\u00edt\u00e1s szerepe a modern fog\u00e1szatban \u2013 a precizit\u00e1s \u00faj szintje<\/span>\n\t\t\t\t\t\t\t\t<\/div>\n\t\t\t\t<\/div>\n\t\t\t\t<\/div>\n\t\t\t\t\t\t<\/div>\n\t\t\t\t\t<\/div>\n\t\t<\/div>\n\t\t\t\t\t\t\t\t<\/div>\n\t\t\t\t\t<\/div>\n\t\t<\/section>\n\t\t\t\t<div class=\"elementor-element elementor-element-7b83933 elementor-widget-divider--view-line elementor-widget elementor-widget-divider\" data-id=\"7b83933\" data-element_type=\"widget\" data-widget_type=\"divider.default\">\n\t\t\t\t<div class=\"elementor-widget-container\">\n\t\t\t\t\t<div class=\"elementor-divider\">\n\t\t\t<span class=\"elementor-divider-separator\">\n\t\t\t\t\t\t<\/span>\n\t\t<\/div>\n\t\t\t\t<\/div>\n\t\t\t\t<\/div>\n\t\t\t\t<section class=\"elementor-section elementor-inner-section elementor-element elementor-element-5849ed6 elementor-section-boxed elementor-section-height-default elementor-section-height-default\" data-id=\"5849ed6\" data-element_type=\"section\">\n\t\t\t\t\t\t<div class=\"elementor-container elementor-column-gap-default\">\n\t\t\t\t\t\t\t<div class=\"elementor-row\">\n\t\t\t\t\t<div class=\"elementor-column elementor-col-50 elementor-inner-column elementor-element elementor-element-bc06604\" data-id=\"bc06604\" data-element_type=\"column\">\n\t\t\t<div class=\"elementor-column-wrap elementor-element-populated\">\n\t\t\t\t\t\t\t<div class=\"elementor-widget-wrap\">\n\t\t\t\t\t\t<div class=\"elementor-element elementor-element-6810691 elementor-widget elementor-widget-image\" data-id=\"6810691\" data-element_type=\"widget\" data-widget_type=\"image.default\">\n\t\t\t\t<div class=\"elementor-widget-container\">\n\t\t\t\t\t\t\t\t<div class=\"elementor-image\">\n\t\t\t\t\t\t\t\t\t\t\t\t<img src=\"https:\/\/orascoptic.newyorkdental.hu\/wp-content\/uploads\/elementor\/thumbs\/blog-3-1-rm9xo46mt3q9nwv25ukorb8xchcqir88rb3bs9u3le.jpg\" title=\"blog-3-1\" alt=\"Orascoptic blog\" \/>\t\t\t\t\t\t\t\t\t\t\t\t\t\t<\/div>\n\t\t\t\t\t\t<\/div>\n\t\t\t\t<\/div>\n\t\t\t\t\t\t<\/div>\n\t\t\t\t\t<\/div>\n\t\t<\/div>\n\t\t\t\t<div class=\"elementor-column elementor-col-50 elementor-inner-column elementor-element elementor-element-99cc454\" data-id=\"99cc454\" data-element_type=\"column\">\n\t\t\t<div class=\"elementor-column-wrap elementor-element-populated\">\n\t\t\t\t\t\t\t<div class=\"elementor-widget-wrap\">\n\t\t\t\t\t\t<div class=\"elementor-element elementor-element-7acc92c elementor-widget elementor-widget-text-editor\" data-id=\"7acc92c\" data-element_type=\"widget\" data-widget_type=\"text-editor.default\">\n\t\t\t\t<div class=\"elementor-widget-container\">\n\t\t\t\t\t\t\t\t<div class=\"elementor-text-editor elementor-clearfix\">\n\t\t\t\t\t<p>A mikroszkopikus elt\u00e9r\u00e9sek felismer\u00e9se gyakran a k\u00fcl\u00f6nbs\u00e9g a kompromisszumos \u00e9s a hossz\u00fa t\u00e1von stabil eredm\u00e9ny k\u00f6z\u00f6tt. Ebben a folyamatban kiemelt szerepet kapnak a nagy\u00edt\u00f3rendszerek, mint amilyeneket az\u00a0Orascoptic\u00a0is fejleszt.<\/p><p><strong>Hogyan jav\u00edtja a nagy\u00edt\u00e1s a diagnosztikai pontoss\u00e1got<\/strong><\/p><p>A diagnosztika alapja a r\u00e9szletek \u00e9szlel\u00e9se. Szabad szemmel sz\u00e1mos klinikailag fontos jelens\u00e9g \u2013 p\u00e9ld\u00e1ul finom reped\u00e9sek, kezdeti caries l\u00e9zi\u00f3k vagy margin\u00e1lis elt\u00e9r\u00e9sek \u2013 k\u00f6nnyen rejtve maradhat.<\/p><p>A nagy\u00edt\u00e1s lehet\u0151v\u00e9 teszi, hogy a fogorvos ne csak \u201el\u00e1sson\u201d, hanem \u00e9rtelmezzen is: a sz\u00f6vetek text\u00far\u00e1ja, az \u00e1tmenetek finoms\u00e1ga \u00e9s a prepar\u00e1ci\u00f3s hat\u00e1rok sokkal tiszt\u00e1bban kirajzol\u00f3dnak. Ez k\u00fcl\u00f6n\u00f6sen fontos a korai diagn\u00f3zisban, ahol a beavatkoz\u00e1s id\u0151z\u00edt\u00e9se meghat\u00e1rozza a kezel\u00e9s kimenetel\u00e9t.<\/p><p>A jobb vizualiz\u00e1ci\u00f3 nemcsak a hib\u00e1k felismer\u00e9s\u00e9t seg\u00edti, hanem a bizonytalans\u00e1got is cs\u00f6kkenti. A klinikus magabiztosabban hoz d\u00f6nt\u00e9st, ha a l\u00e1tott k\u00e9p \u00e9lesebb \u00e9s r\u00e9szletesebb.<\/p>\t\t\t\t\t<\/div>\n\t\t\t\t\t\t<\/div>\n\t\t\t\t<\/div>\n\t\t\t\t\t\t<\/div>\n\t\t\t\t\t<\/div>\n\t\t<\/div>\n\t\t\t\t\t\t\t\t<\/div>\n\t\t\t\t\t<\/div>\n\t\t<\/section>\n\t\t\t\t<div class=\"elementor-element elementor-element-bed5c65 elementor-widget elementor-widget-text-editor\" data-id=\"bed5c65\" data-element_type=\"widget\" data-widget_type=\"text-editor.default\">\n\t\t\t\t<div class=\"elementor-widget-container\">\n\t\t\t\t\t\t\t\t<div class=\"elementor-text-editor elementor-clearfix\">\n\t\t\t\t\t<p><b>Mikor d\u00f6nt a nagy\u00edt\u00e1s a sikeres \u00e9s kev\u00e9sb\u00e9 sikeres kezel\u00e9s k\u00f6z\u00f6tt<\/b><\/p><p>Sz\u00e1mos klinikai helyzetben a k\u00fcl\u00f6nbs\u00e9g apr\u00f3, de kritikus r\u00e9szleteken m\u00falik. Ilyen p\u00e9ld\u00e1ul:<\/p><p>\u2013 egy restaur\u00e1ci\u00f3s sz\u00e9l pontos z\u00e1r\u00f3d\u00e1sa<br \/>\u2013 egy gy\u00f6k\u00e9rkezel\u00e9s sor\u00e1n elrejtett plusz csatorna \u00e9szlel\u00e9se<br \/>\u2013 egy prepar\u00e1ci\u00f3s hat\u00e1r egyenletess\u00e9ge.<\/p>\t\t\t\t\t<\/div>\n\t\t\t\t\t\t<\/div>\n\t\t\t\t<\/div>\n\t\t\t\t<div class=\"elementor-element elementor-element-cc708ce elementor-widget elementor-widget-image\" data-id=\"cc708ce\" data-element_type=\"widget\" data-widget_type=\"image.default\">\n\t\t\t\t<div class=\"elementor-widget-container\">\n\t\t\t\t\t\t\t\t<div class=\"elementor-image\">\n\t\t\t\t\t\t\t\t\t\t\t\t<img width=\"1574\" height=\"430\" src=\"https:\/\/orascoptic.newyorkdental.hu\/wp-content\/uploads\/2026\/04\/blog-3-2.jpg\" class=\"attachment-full size-full\" alt=\"Orascoptic blog\" loading=\"lazy\" srcset=\"https:\/\/orascoptic.newyorkdental.hu\/wp-content\/uploads\/2026\/04\/blog-3-2.jpg 1574w, https:\/\/orascoptic.newyorkdental.hu\/wp-content\/uploads\/2026\/04\/blog-3-2-300x82.jpg 300w, https:\/\/orascoptic.newyorkdental.hu\/wp-content\/uploads\/2026\/04\/blog-3-2-1024x280.jpg 1024w, https:\/\/orascoptic.newyorkdental.hu\/wp-content\/uploads\/2026\/04\/blog-3-2-768x210.jpg 768w, https:\/\/orascoptic.newyorkdental.hu\/wp-content\/uploads\/2026\/04\/blog-3-2-1536x420.jpg 1536w, https:\/\/orascoptic.newyorkdental.hu\/wp-content\/uploads\/2026\/04\/blog-3-2-600x164.jpg 600w\" sizes=\"(max-width: 1574px) 100vw, 1574px\" \/>\t\t\t\t\t\t\t\t\t\t\t\t\t\t<\/div>\n\t\t\t\t\t\t<\/div>\n\t\t\t\t<\/div>\n\t\t\t\t<div class=\"elementor-element elementor-element-c26135e elementor-widget elementor-widget-text-editor\" data-id=\"c26135e\" data-element_type=\"widget\" data-widget_type=\"text-editor.default\">\n\t\t\t\t<div class=\"elementor-widget-container\">\n\t\t\t\t\t\t\t\t<div class=\"elementor-text-editor elementor-clearfix\">\n\t\t\t\t\t<p><span style=\"font-size: 1rem;\">Nagy\u00edt\u00e1s n\u00e9lk\u00fcl ezek a r\u00e9szletek k\u00f6nnyen rejtve maradhatnak, ami k\u00e9s\u0151bbi sz\u00f6v\u0151dm\u00e9nyekhez vezethet: mikro-sziv\u00e1rg\u00e1s, m\u00e1sodlagos caries vagy kezel\u00e9si kudarc.<\/span><\/p><p>Nagy\u00edt\u00e1s mellett azonban a kezel\u00e9si t\u00e9r \u201ekontroll\u00e1lhat\u00f3bb\u00e1\u201d v\u00e1lik. A fogorvos nem felt\u00e9telez, hanem l\u00e1t. Ez a k\u00fcl\u00f6nbs\u00e9g sok esetben nem l\u00e1tv\u00e1nyos a beavatkoz\u00e1s pillanat\u00e1ban, de hossz\u00fa t\u00e1von meghat\u00e1rozza a restaur\u00e1ci\u00f3 \u00e9lettartam\u00e1t \u00e9s a p\u00e1ciens el\u00e9gedetts\u00e9g\u00e9t.<\/p>\t\t\t\t\t<\/div>\n\t\t\t\t\t\t<\/div>\n\t\t\t\t<\/div>\n\t\t\t\t<section class=\"elementor-section elementor-inner-section elementor-element elementor-element-502ac79 elementor-section-boxed elementor-section-height-default elementor-section-height-default\" data-id=\"502ac79\" data-element_type=\"section\">\n\t\t\t\t\t\t<div class=\"elementor-container elementor-column-gap-default\">\n\t\t\t\t\t\t\t<div class=\"elementor-row\">\n\t\t\t\t\t<div class=\"elementor-column elementor-col-33 elementor-inner-column elementor-element elementor-element-dd58842\" data-id=\"dd58842\" data-element_type=\"column\">\n\t\t\t<div class=\"elementor-column-wrap elementor-element-populated\">\n\t\t\t\t\t\t\t<div class=\"elementor-widget-wrap\">\n\t\t\t\t\t\t<div class=\"elementor-element elementor-element-38d7375 elementor-aspect-ratio-916 elementor-widget elementor-widget-video\" data-id=\"38d7375\" data-element_type=\"widget\" data-settings=\"{&quot;video_type&quot;:&quot;hosted&quot;,&quot;autoplay&quot;:&quot;yes&quot;,&quot;play_on_mobile&quot;:&quot;yes&quot;,&quot;mute&quot;:&quot;yes&quot;,&quot;loop&quot;:&quot;yes&quot;,&quot;aspect_ratio&quot;:&quot;916&quot;,&quot;controls&quot;:&quot;yes&quot;}\" data-widget_type=\"video.default\">\n\t\t\t\t<div class=\"elementor-widget-container\">\n\t\t\t\t\t<div class=\"e-hosted-video elementor-wrapper elementor-fit-aspect-ratio elementor-open-inline\">\n\t\t\t\t\t<video class=\"elementor-video\" src=\"https:\/\/orascoptic.newyorkdental.hu\/wp-content\/uploads\/2026\/04\/ergo-video.mp4\" autoplay=\"\" loop=\"\" controls=\"\" muted=\"muted\" playsinline=\"\" controlsList=\"nodownload\"><\/video>\n\t\t\t\t<\/div>\n\t\t\t\t<\/div>\n\t\t\t\t<\/div>\n\t\t\t\t\t\t<\/div>\n\t\t\t\t\t<\/div>\n\t\t<\/div>\n\t\t\t\t<div class=\"elementor-column elementor-col-66 elementor-inner-column elementor-element elementor-element-daaed3d\" data-id=\"daaed3d\" data-element_type=\"column\">\n\t\t\t<div class=\"elementor-column-wrap elementor-element-populated\">\n\t\t\t\t\t\t\t<div class=\"elementor-widget-wrap\">\n\t\t\t\t\t\t<div class=\"elementor-element elementor-element-8b088a2 elementor-widget elementor-widget-text-editor\" data-id=\"8b088a2\" data-element_type=\"widget\" data-widget_type=\"text-editor.default\">\n\t\t\t\t<div class=\"elementor-widget-container\">\n\t\t\t\t\t\t\t\t<div class=\"elementor-text-editor elementor-clearfix\">\n\t\t\t\t\t<p><strong>A mikroszint\u0171 r\u00e9szletek szerepe a modern fog\u00e1szatban<\/strong><\/p><p>A fog\u00e1szat egyre ink\u00e1bb a mikroszint\u0171 precizit\u00e1s ir\u00e1ny\u00e1ba mozdul. A minim\u00e1linvaz\u00edv szeml\u00e9let azt k\u00f6veteli, hogy csak annyi sz\u00f6vetet t\u00e1vol\u00edtsunk el, amennyi felt\u00e9tlen\u00fcl sz\u00fcks\u00e9ges, mik\u00f6zben a lehet\u0151 legpontosabb helyre\u00e1ll\u00edt\u00e1st v\u00e9gezz\u00fck.<\/p><p>Ebben a megk\u00f6zel\u00edt\u00e9sben a \u201el\u00e1that\u00f3s\u00e1g\u201d kulcst\u00e9nyez\u0151. A mikroszint\u0171 k\u00fcl\u00f6nbs\u00e9gek \u2013 p\u00e9ld\u00e1ul a margin\u00e1lis adapt\u00e1ci\u00f3 vagy a prepar\u00e1ci\u00f3s simas\u00e1g \u2013 k\u00f6zvetlen hat\u00e1ssal vannak a biol\u00f3giai v\u00e1laszokra \u00e9s a restaur\u00e1ci\u00f3 tart\u00f3ss\u00e1g\u00e1ra.<\/p><p>A nagy\u00edt\u00e1s nem csak egy technikai eszk\u00f6z, hanem egy szeml\u00e9letv\u00e1lt\u00e1s r\u00e9sze is: a fogorvos egy finomabb, kontroll\u00e1ltabb munkak\u00f6rnyezetben dolgozik, ahol a d\u00f6nt\u00e9sek alapja a pontos vizu\u00e1lis inform\u00e1ci\u00f3.<\/p>\t\t\t\t\t<\/div>\n\t\t\t\t\t\t<\/div>\n\t\t\t\t<\/div>\n\t\t\t\t<div class=\"elementor-element elementor-element-c7aa4d7 elementor-widget elementor-widget-text-editor\" data-id=\"c7aa4d7\" data-element_type=\"widget\" data-widget_type=\"text-editor.default\">\n\t\t\t\t<div class=\"elementor-widget-container\">\n\t\t\t\t\t\t\t\t<div class=\"elementor-text-editor elementor-clearfix\">\n\t\t\t\t\t<p><b>\u00d6sszegz\u00e9s<\/b><\/p><p>A nagy\u00edt\u00e1s szerepe ma m\u00e1r t\u00falmutat az \u201eextra seg\u00edts\u00e9g\u201d fogalm\u00e1n. A diagnosztikai pontoss\u00e1g n\u00f6vel\u00e9se, a kezel\u00e9si hib\u00e1k cs\u00f6kkent\u00e9se \u00e9s a mikroszint\u0171 r\u00e9szletek felismer\u00e9se mind hozz\u00e1j\u00e1rulnak ahhoz, hogy a modern fog\u00e1szat kisz\u00e1m\u00edthat\u00f3bb \u00e9s magasabb min\u0151s\u00e9g\u0171 legyen.<\/p><p>Az olyan optikai rendszerek, mint az\u00a0Orascoptic\u00a0megold\u00e1sai, nem csup\u00e1n jobb l\u00e1t\u00e1st biztos\u00edtanak, hanem egy tudatosabb, prec\u00edzebb klinikai gondolkod\u00e1sm\u00f3dot is t\u00e1mogatnak.<\/p>\t\t\t\t\t<\/div>\n\t\t\t\t\t\t<\/div>\n\t\t\t\t<\/div>\n\t\t\t\t\t\t<\/div>\n\t\t\t\t\t<\/div>\n\t\t<\/div>\n\t\t\t\t\t\t\t\t<\/div>\n\t\t\t\t\t<\/div>\n\t\t<\/section>\n\t\t\t\t<div class=\"elementor-element elementor-element-9089c1f elementor-align-center elementor-mobile-align-center elementor-tablet-align-center elementor-widget elementor-widget-button\" data-id=\"9089c1f\" data-element_type=\"widget\" data-widget_type=\"button.default\">\n\t\t\t\t<div class=\"elementor-widget-container\">\n\t\t\t\t\t<div class=\"elementor-button-wrapper\">\n\t\t\t<a href=\"https:\/\/orascoptic.newyorkdental.hu\/#kapcsolat\" class=\"elementor-button-link elementor-button elementor-size-sm elementor-animation-float\" role=\"button\">\n\t\t\t\t\t\t<span class=\"elementor-button-content-wrapper\">\n\t\t\t\t\t\t<span class=\"elementor-button-icon elementor-align-icon-left\">\n\t\t\t\t\t\t\t<\/span>\n\t\t\t\t\t\t<span class=\"elementor-button-text\">\u00c9RDEKEL<\/span>\n\t\t<\/span>\n\t\t\t\t\t<\/a>\n\t\t<\/div>\n\t\t\t\t<\/div>\n\t\t\t\t<\/div>\n\t\t\t\t<div class=\"elementor-element elementor-element-12eea51 elementor-widget-divider--view-line elementor-widget elementor-widget-divider\" data-id=\"12eea51\" data-element_type=\"widget\" data-widget_type=\"divider.default\">\n\t\t\t\t<div class=\"elementor-widget-container\">\n\t\t\t\t\t<div class=\"elementor-divider\">\n\t\t\t<span class=\"elementor-divider-separator\">\n\t\t\t\t\t\t<\/span>\n\t\t<\/div>\n\t\t\t\t<\/div>\n\t\t\t\t<\/div>\n\t\t\t\t\t\t<\/div>\n\t\t\t\t\t<\/div>\n\t\t<\/div>\n\t\t\t\t\t\t\t\t<\/div>\n\t\t\t\t\t<\/div>\n\t\t<\/section>\n\t\t\t\t\t\t<\/div>\n\t\t\t\t\t\t<\/div>\n\t\t\t\t\t<\/div>\n\t\t","protected":false},"excerpt":{"rendered":"<p>A nagy\u00edt\u00e1s szerepe a modern fog\u00e1szatban \u2013 a precizit\u00e1s \u00faj szintje A mikroszkopikus elt\u00e9r\u00e9sek felismer\u00e9se gyakran a k\u00fcl\u00f6nbs\u00e9g a kompromisszumos \u00e9s a hossz\u00fa t\u00e1von stabil eredm\u00e9ny k\u00f6z\u00f6tt. Ebben a folyamatban kiemelt szerepet kapnak a nagy\u00edt\u00f3rendszerek, mint amilyeneket az\u00a0Orascoptic\u00a0is fejleszt. Hogyan jav\u00edtja a nagy\u00edt\u00e1s a diagnosztikai pontoss\u00e1got A diagnosztika alapja a r\u00e9szletek \u00e9szlel\u00e9se. Szabad szemmel sz\u00e1mos [&hellip;]<\/p>\n","protected":false},"author":1,"featured_media":0,"parent":0,"menu_order":0,"comment_status":"closed","ping_status":"closed","template":"","meta":[],"yoast_head":"<!-- This site is optimized with the Yoast SEO plugin v16.2 - https:\/\/yoast.com\/wordpress\/plugins\/seo\/ -->\n<title>A nagy\u00edt\u00e1s szerepe a modern fog\u00e1szatban \u2013 a precizit\u00e1s \u00faj szintje - Orascoptic<\/title>\n<meta name=\"robots\" content=\"index, follow, max-snippet:-1, max-image-preview:large, max-video-preview:-1\" \/>\n<link rel=\"canonical\" href=\"https:\/\/orascoptic.newyorkdental.hu\/?page_id=1502\" \/>\n<meta property=\"og:locale\" content=\"hu_HU\" \/>\n<meta property=\"og:type\" content=\"article\" \/>\n<meta property=\"og:title\" content=\"A nagy\u00edt\u00e1s szerepe a modern fog\u00e1szatban \u2013 a precizit\u00e1s \u00faj szintje - Orascoptic\" \/>\n<meta property=\"og:description\" content=\"A nagy\u00edt\u00e1s szerepe a modern fog\u00e1szatban \u2013 a precizit\u00e1s \u00faj szintje A mikroszkopikus elt\u00e9r\u00e9sek felismer\u00e9se gyakran a k\u00fcl\u00f6nbs\u00e9g a kompromisszumos \u00e9s a hossz\u00fa t\u00e1von stabil eredm\u00e9ny k\u00f6z\u00f6tt. Ebben a folyamatban kiemelt szerepet kapnak a nagy\u00edt\u00f3rendszerek, mint amilyeneket az\u00a0Orascoptic\u00a0is fejleszt. Hogyan jav\u00edtja a nagy\u00edt\u00e1s a diagnosztikai pontoss\u00e1got A diagnosztika alapja a r\u00e9szletek \u00e9szlel\u00e9se. Szabad szemmel sz\u00e1mos [&hellip;]\" \/>\n<meta property=\"og:url\" content=\"https:\/\/orascoptic.newyorkdental.hu\/?page_id=1502\" \/>\n<meta property=\"og:site_name\" content=\"Orascoptic\" \/>\n<meta property=\"article:modified_time\" content=\"2026-04-20T08:05:48+00:00\" \/>\n<meta property=\"og:image\" content=\"https:\/\/orascoptic.newyorkdental.hu\/wp-content\/uploads\/elementor\/thumbs\/blog-3-1-rm9xo46mt3q9nwv25ukorb8xchcqir88rb3bs9u3lo.jpg\" \/>\n<meta name=\"twitter:card\" content=\"summary_large_image\" \/>\n<meta name=\"twitter:label1\" content=\"Becs\u00fclt olvas\u00e1si id\u0151\">\n\t<meta name=\"twitter:data1\" content=\"3 perc\">\n<script type=\"application\/ld+json\" class=\"yoast-schema-graph\">{\"@context\":\"https:\/\/schema.org\",\"@graph\":[{\"@type\":\"WebSite\",\"@id\":\"http:\/\/orascoptic.newyorkdental.hu\/#website\",\"url\":\"http:\/\/orascoptic.newyorkdental.hu\/\",\"name\":\"Orascoptic\",\"description\":\"Professzion\\u00e1lis orvosi lup\\u00e9k\",\"potentialAction\":[{\"@type\":\"SearchAction\",\"target\":\"http:\/\/orascoptic.newyorkdental.hu\/?s={search_term_string}\",\"query-input\":\"required name=search_term_string\"}],\"inLanguage\":\"hu\"},{\"@type\":\"ImageObject\",\"@id\":\"https:\/\/orascoptic.newyorkdental.hu\/?page_id=1502#primaryimage\",\"inLanguage\":\"hu\",\"url\":\"https:\/\/orascoptic.newyorkdental.hu\/wp-content\/uploads\/elementor\/thumbs\/blog-3-1-rm9xo46mt3q9nwv25ukorb8xchcqir88rb3bs9u3lo.jpg\",\"contentUrl\":\"https:\/\/orascoptic.newyorkdental.hu\/wp-content\/uploads\/elementor\/thumbs\/blog-3-1-rm9xo46mt3q9nwv25ukorb8xchcqir88rb3bs9u3lo.jpg\"},{\"@type\":\"WebPage\",\"@id\":\"https:\/\/orascoptic.newyorkdental.hu\/?page_id=1502#webpage\",\"url\":\"https:\/\/orascoptic.newyorkdental.hu\/?page_id=1502\",\"name\":\"A nagy\\u00edt\\u00e1s szerepe a modern fog\\u00e1szatban \\u2013 a precizit\\u00e1s \\u00faj szintje - Orascoptic\",\"isPartOf\":{\"@id\":\"http:\/\/orascoptic.newyorkdental.hu\/#website\"},\"primaryImageOfPage\":{\"@id\":\"https:\/\/orascoptic.newyorkdental.hu\/?page_id=1502#primaryimage\"},\"datePublished\":\"2026-04-20T07:42:09+00:00\",\"dateModified\":\"2026-04-20T08:05:48+00:00\",\"breadcrumb\":{\"@id\":\"https:\/\/orascoptic.newyorkdental.hu\/?page_id=1502#breadcrumb\"},\"inLanguage\":\"hu\",\"potentialAction\":[{\"@type\":\"ReadAction\",\"target\":[\"https:\/\/orascoptic.newyorkdental.hu\/?page_id=1502\"]}]},{\"@type\":\"BreadcrumbList\",\"@id\":\"https:\/\/orascoptic.newyorkdental.hu\/?page_id=1502#breadcrumb\",\"itemListElement\":[{\"@type\":\"ListItem\",\"position\":1,\"item\":{\"@type\":\"WebPage\",\"@id\":\"https:\/\/orascoptic.newyorkdental.hu\/\",\"url\":\"https:\/\/orascoptic.newyorkdental.hu\/\",\"name\":\"Kezd\\u0151lap\"}},{\"@type\":\"ListItem\",\"position\":2,\"item\":{\"@id\":\"https:\/\/orascoptic.newyorkdental.hu\/?page_id=1502#webpage\"}}]}]}<\/script>\n<!-- \/ Yoast SEO plugin. -->","_links":{"self":[{"href":"https:\/\/orascoptic.newyorkdental.hu\/index.php?rest_route=\/wp\/v2\/pages\/1502"}],"collection":[{"href":"https:\/\/orascoptic.newyorkdental.hu\/index.php?rest_route=\/wp\/v2\/pages"}],"about":[{"href":"https:\/\/orascoptic.newyorkdental.hu\/index.php?rest_route=\/wp\/v2\/types\/page"}],"author":[{"embeddable":true,"href":"https:\/\/orascoptic.newyorkdental.hu\/index.php?rest_route=\/wp\/v2\/users\/1"}],"replies":[{"embeddable":true,"href":"https:\/\/orascoptic.newyorkdental.hu\/index.php?rest_route=%2Fwp%2Fv2%2Fcomments&post=1502"}],"version-history":[{"count":13,"href":"https:\/\/orascoptic.newyorkdental.hu\/index.php?rest_route=\/wp\/v2\/pages\/1502\/revisions"}],"predecessor-version":[{"id":1527,"href":"https:\/\/orascoptic.newyorkdental.hu\/index.php?rest_route=\/wp\/v2\/pages\/1502\/revisions\/1527"}],"wp:attachment":[{"href":"https:\/\/orascoptic.newyorkdental.hu\/index.php?rest_route=%2Fwp%2Fv2%2Fmedia&parent=1502"}],"curies":[{"name":"wp","href":"https:\/\/api.w.org\/{rel}","templated":true}]}}