{"id":1437,"date":"2026-01-05T13:30:31","date_gmt":"2026-01-05T13:30:31","guid":{"rendered":"https:\/\/orascoptic.newyorkdental.hu\/?page_id=1437"},"modified":"2026-01-05T13:33:16","modified_gmt":"2026-01-05T13:33:16","slug":"a-lupe-hatasa-a-fogorvosok-mozgasszervi-kellemetlensegeinek-csokkentesere","status":"publish","type":"page","link":"https:\/\/orascoptic.newyorkdental.hu\/?page_id=1437","title":{"rendered":"A lupe hat\u00e1sa a fogorvosok mozg\u00e1sszervi kellemetlens\u00e9geinek cs\u00f6kkent\u00e9s\u00e9re"},"content":{"rendered":"\t\t<div data-elementor-type=\"wp-page\" data-elementor-id=\"1437\" class=\"elementor elementor-1437\" data-elementor-settings=\"[]\">\n\t\t\t\t\t\t<div class=\"elementor-inner\">\n\t\t\t\t\t\t\t<div class=\"elementor-section-wrap\">\n\t\t\t\t\t\t\t<section class=\"elementor-section elementor-top-section elementor-element elementor-element-70a750f elementor-section-boxed elementor-section-height-default elementor-section-height-default\" data-id=\"70a750f\" data-element_type=\"section\" id=\"rlupek\">\n\t\t\t\t\t\t<div class=\"elementor-container elementor-column-gap-default\">\n\t\t\t\t\t\t\t<div class=\"elementor-row\">\n\t\t\t\t\t<div class=\"elementor-column elementor-col-100 elementor-top-column elementor-element elementor-element-d71b2ec\" data-id=\"d71b2ec\" data-element_type=\"column\">\n\t\t\t<div class=\"elementor-column-wrap elementor-element-populated\">\n\t\t\t\t\t\t\t<div class=\"elementor-widget-wrap\">\n\t\t\t\t\t\t<section class=\"elementor-section elementor-inner-section elementor-element elementor-element-64b4445 elementor-section-boxed elementor-section-height-default elementor-section-height-default\" data-id=\"64b4445\" data-element_type=\"section\">\n\t\t\t\t\t\t<div class=\"elementor-container elementor-column-gap-default\">\n\t\t\t\t\t\t\t<div class=\"elementor-row\">\n\t\t\t\t\t<div class=\"elementor-column elementor-col-100 elementor-inner-column elementor-element elementor-element-56dc922\" data-id=\"56dc922\" data-element_type=\"column\">\n\t\t\t<div class=\"elementor-column-wrap elementor-element-populated\">\n\t\t\t\t\t\t\t<div class=\"elementor-widget-wrap\">\n\t\t\t\t\t\t<div class=\"elementor-element elementor-element-0d7497d elementor-invisible elementor-widget elementor-widget-alert\" data-id=\"0d7497d\" data-element_type=\"widget\" data-settings=\"{&quot;_animation&quot;:&quot;fadeInDown&quot;}\" data-widget_type=\"alert.default\">\n\t\t\t\t<div class=\"elementor-widget-container\">\n\t\t\t\t\t<div class=\"elementor-alert elementor-alert-info\" role=\"alert\">\n\t\t\t<span class=\"elementor-alert-title\">A lupe hat\u00e1sa a fogorvosok mozg\u00e1sszervi kellemetlens\u00e9geinek cs\u00f6kkent\u00e9s\u00e9re<\/span>\n\t\t\t\t\t\t\t\t<\/div>\n\t\t\t\t<\/div>\n\t\t\t\t<\/div>\n\t\t\t\t\t\t<\/div>\n\t\t\t\t\t<\/div>\n\t\t<\/div>\n\t\t\t\t\t\t\t\t<\/div>\n\t\t\t\t\t<\/div>\n\t\t<\/section>\n\t\t\t\t<div class=\"elementor-element elementor-element-7b83933 elementor-widget-divider--view-line elementor-widget elementor-widget-divider\" data-id=\"7b83933\" data-element_type=\"widget\" data-widget_type=\"divider.default\">\n\t\t\t\t<div class=\"elementor-widget-container\">\n\t\t\t\t\t<div class=\"elementor-divider\">\n\t\t\t<span class=\"elementor-divider-separator\">\n\t\t\t\t\t\t<\/span>\n\t\t<\/div>\n\t\t\t\t<\/div>\n\t\t\t\t<\/div>\n\t\t\t\t<section class=\"elementor-section elementor-inner-section elementor-element elementor-element-5849ed6 elementor-section-boxed elementor-section-height-default elementor-section-height-default\" data-id=\"5849ed6\" data-element_type=\"section\">\n\t\t\t\t\t\t<div class=\"elementor-container elementor-column-gap-default\">\n\t\t\t\t\t\t\t<div class=\"elementor-row\">\n\t\t\t\t\t<div class=\"elementor-column elementor-col-50 elementor-inner-column elementor-element elementor-element-bc06604\" data-id=\"bc06604\" data-element_type=\"column\">\n\t\t\t<div class=\"elementor-column-wrap elementor-element-populated\">\n\t\t\t\t\t\t\t<div class=\"elementor-widget-wrap\">\n\t\t\t\t\t\t<div class=\"elementor-element elementor-element-6810691 elementor-widget elementor-widget-image\" data-id=\"6810691\" data-element_type=\"widget\" data-widget_type=\"image.default\">\n\t\t\t\t<div class=\"elementor-widget-container\">\n\t\t\t\t\t\t\t\t<div class=\"elementor-image\">\n\t\t\t\t\t\t\t\t\t\t\t\t<img src=\"https:\/\/orascoptic.newyorkdental.hu\/wp-content\/uploads\/elementor\/thumbs\/blog-2-rh7kzr8slk0scgznsm5zky86txr8fy0umj5kss8z5m.jpg\" title=\"3D medical background showing correct and poor posture with spin\" alt=\"Blog 2\" \/>\t\t\t\t\t\t\t\t\t\t\t\t\t\t<\/div>\n\t\t\t\t\t\t<\/div>\n\t\t\t\t<\/div>\n\t\t\t\t\t\t<\/div>\n\t\t\t\t\t<\/div>\n\t\t<\/div>\n\t\t\t\t<div class=\"elementor-column elementor-col-50 elementor-inner-column elementor-element elementor-element-99cc454\" data-id=\"99cc454\" data-element_type=\"column\">\n\t\t\t<div class=\"elementor-column-wrap elementor-element-populated\">\n\t\t\t\t\t\t\t<div class=\"elementor-widget-wrap\">\n\t\t\t\t\t\t<div class=\"elementor-element elementor-element-7acc92c elementor-widget elementor-widget-text-editor\" data-id=\"7acc92c\" data-element_type=\"widget\" data-widget_type=\"text-editor.default\">\n\t\t\t\t<div class=\"elementor-widget-container\">\n\t\t\t\t\t\t\t\t<div class=\"elementor-text-editor elementor-clearfix\">\n\t\t\t\t\t<p style=\"text-align: left;\"><span style=\"color: #222222; font-family: Aptos, sans-serif;\">A munk\u00e1val \u00f6sszef\u00fcgg\u0151 mozg\u00e1sszervi rendelleness\u00e9gek (MSD) a leggyakoribb eg\u00e9szs\u00e9g\u00fcgyi probl\u00e9m\u00e1k a munkaer\u0151 k\u00f6r\u00e9ben. Ezek a probl\u00e9m\u00e1k sok munkanap kies\u00e9s\u00e9t, megn\u00f6vekedett hi\u00e1nyz\u00e1st \u00e9s jelent\u0151s gazdas\u00e1gi k\u00f6lts\u00e9geket okoznak. Az egyik legfontosabb kock\u00e1zati t\u00e9nyez\u0151 az\u00a0<\/span><b style=\"color: #222222; font-family: Aptos, sans-serif;\">ergon\u00f3miailag kedvez\u0151tlen testtart\u00e1s<\/b><span style=\"color: #222222; font-family: Aptos, sans-serif;\">. A tanulm\u00e1ny c\u00e9lja egy ergon\u00f3miai beavatkoz\u00e1s, azaz a\u00a0<\/span><b style=\"color: #222222; font-family: Aptos, sans-serif;\">nagy\u00edt\u00f3 lencs\u00e9k (lup\u00e9k) haszn\u00e1lat\u00e1nak<\/b><span style=\"color: #222222; font-family: Aptos, sans-serif;\">\u00a0vizsg\u00e1lata volt a fogorvosok mozg\u00e1sszervi kellemetlens\u00e9geinek cs\u00f6kkent\u00e9s\u00e9re.<\/span><\/p>\t\t\t\t\t<\/div>\n\t\t\t\t\t\t<\/div>\n\t\t\t\t<\/div>\n\t\t\t\t\t\t<\/div>\n\t\t\t\t\t<\/div>\n\t\t<\/div>\n\t\t\t\t\t\t\t\t<\/div>\n\t\t\t\t\t<\/div>\n\t\t<\/section>\n\t\t\t\t<div class=\"elementor-element elementor-element-bed5c65 elementor-widget elementor-widget-text-editor\" data-id=\"bed5c65\" data-element_type=\"widget\" data-widget_type=\"text-editor.default\">\n\t\t\t\t<div class=\"elementor-widget-container\">\n\t\t\t\t\t\t\t\t<div class=\"elementor-text-editor elementor-clearfix\">\n\t\t\t\t\t<p style=\"font-weight: 400;\"><strong>M\u00f3dszerek:<\/strong><\/p><ul style=\"font-weight: 400;\"><li>F\u00e9l-experiment\u00e1lis vizsg\u00e1lat 75 fogorvos r\u00e9szv\u00e9tel\u00e9vel<\/li><li>Mozg\u00e1sszervi rendelleness\u00e9gek felm\u00e9r\u00e9se:\u00a0<strong>k\u00e9rd\u0151\u00edv<\/strong>.<\/li><li>Kellemetlens\u00e9g intenzit\u00e1s\u00e1nak m\u00e9r\u00e9se:\u00a0<strong>Corlett \u00e9s Bishop testt\u00e1ji kellemetlens\u00e9g-sk\u00e1la<\/strong>\u00a0(a vizsg\u00e1lt szem\u00e9ly k\u00fcl\u00f6nb\u00f6z\u0151 testr\u00e9szeiben \u00e9rzett f\u00e1jdalom, f\u00e1radts\u00e1g vagy kellemetlens\u00e9g intenzit\u00e1s\u00e1t m\u00e9rik) a munkanap elej\u00e9n \u00e9s v\u00e9g\u00e9n.<\/li><li>Intervenci\u00f3:\u00a0<strong>optikai nagy\u00edt\u00f3 lencs\u00e9k<\/strong>\u00a03,5\u00d7 nagy\u00edt\u00e1ssal, minden fogorvosnak szem\u00e9lyre szabott kerettel.<\/li><li>A lencs\u00e9k haszn\u00e1lat\u00e1t teljes munkanapra (7\u20138 \u00f3ra) tervezt\u00e9k, \u00e9s a fogorvosoknak el\u0151zetes tr\u00e9ninget biztos\u00edtottak a haszn\u00e1latukhoz.<\/li><\/ul><p style=\"font-weight: 400;\"><strong>Eredm\u00e9nyek:<\/strong><\/p><ul style=\"font-weight: 400;\"><li>A fogorvosok k\u00f6r\u00e9ben a mozg\u00e1sszervi panaszok leggyakrabban a\u00a0<strong>nyakban, h\u00e1ton, v\u00e1llban \u00e9s karokban<\/strong>\u00a0jelentkeztek (pl. nyak: 92%, h\u00e1t als\u00f3 szakasz: 94,6%).<\/li><li>A beavatkoz\u00e1s ut\u00e1n a kellemetlens\u00e9g intenzit\u00e1sa\u00a0<strong>szignifik\u00e1nsan cs\u00f6kkent<\/strong>\u00a0a nyak, v\u00e1ll, karok, h\u00e1t, k\u00f6ny\u00f6k \u00e9s a teljes test ter\u00fclet\u00e9n.<\/li><li>Kisebb, nem szignifik\u00e1ns v\u00e1ltoz\u00e1s volt a k\u00e9z, csukl\u00f3, cs\u00edp\u0151, comb, t\u00e9rd \u00e9s l\u00e1b ter\u00fclet\u00e9n.<\/li><li>A fogorvosok\u00a0<strong>96%-a<\/strong>\u00a0szerint a lup\u00e9k megk\u00f6nny\u00edtett\u00e9k a munk\u00e1t, 89%-uk k\u00e9nyelmesen haszn\u00e1lta \u0151ket, \u00e9s 92%-uk szerint javultak a munkak\u00f6r\u00fclm\u00e9nyek.<\/li><\/ul><p style=\"font-weight: 400;\"><strong>\u00d6sszegz\u00e9s:<\/strong><\/p><ul style=\"font-weight: 400;\"><li>A fogorvosok k\u00f6r\u00e9ben magas a mozg\u00e1sszervi rendelleness\u00e9gek el\u0151fordul\u00e1sa, k\u00fcl\u00f6n\u00f6sen a nyak, h\u00e1t, v\u00e1ll \u00e9s kar ter\u00fclet\u00e9n.<\/li><li>Az\u00a0<strong>ergon\u00f3miai beavatkoz\u00e1s<\/strong>, azaz a nagy\u00edt\u00f3 lencs\u00e9k haszn\u00e1lata jelent\u0151sen cs\u00f6kkentette a kellemetlens\u00e9g intenzit\u00e1s\u00e1t ezekben a ter\u00fcletekben.<\/li><li>A fogorvosok egyet\u00e9rtettek abban, hogy a lup\u00e9k jav\u00edtott\u00e1k a munkak\u00f6r\u00fclm\u00e9nyeket, \u00edgy a nagy\u00edt\u00f3 lencs\u00e9k hat\u00e9kony beavatkoz\u00e1snak tekinthet\u0151k.<\/li><\/ul>\t\t\t\t\t<\/div>\n\t\t\t\t\t\t<\/div>\n\t\t\t\t<\/div>\n\t\t\t\t<div class=\"elementor-element elementor-element-d28b7f0 elementor-widget elementor-widget-text-editor\" data-id=\"d28b7f0\" data-element_type=\"widget\" data-widget_type=\"text-editor.default\">\n\t\t\t\t<div class=\"elementor-widget-container\">\n\t\t\t\t\t\t\t\t<div class=\"elementor-text-editor elementor-clearfix\">\n\t\t\t\t\t<p><b>Mi\u00e9rt \u00e9rdemes MOST jelentkezni?<\/b><\/p><ul><li>Az Orascoptic loup\u00e9 nem csup\u00e1n egy eszk\u00f6z \u2013 hanem egy befektet\u00e9s a szakmai j\u00f6v\u0151be.<\/li><li>Seg\u00edt n\u00f6velni a kezel\u00e9sek precizit\u00e1s\u00e1t.<\/li><li>Hossz\u00fa t\u00e1von meg\u00f3vja a gerincet \u00e9s az eg\u00e9szs\u00e9get.<\/li><li>Emeli a p\u00e1ciensek bizalm\u00e1t \u00e9s el\u00e9gedetts\u00e9g\u00e9t.<\/li><li>Teljesen kock\u00e1zatmentes a kipr\u00f3b\u00e1l\u00e1s, hiszen a bem\u00e9r\u00e9s d\u00edjmentes.<br \/><br \/><\/li><\/ul><p><img class=\"emoji\" role=\"img\" draggable=\"false\" src=\"https:\/\/s.w.org\/images\/core\/emoji\/13.0.1\/svg\/1f4a1.svg\" alt=\"\ud83d\udca1\" \/> Ne halogassa! Tapasztalja meg, hogyan v\u00e1ltoztatja meg mindennapi munk\u00e1j\u00e1t egy t\u00f6k\u00e9letesen illeszked\u0151 loupe.<\/p><p>Jelentkezzen most az ingyenes bem\u00e9r\u00e9sre, \u00e9s tegyen egy l\u00e9p\u00e9st a k\u00e9nyelmesebb \u00e9s prec\u00edzebb fog\u00e1szati munkav\u00e9gz\u00e9s fel\u00e9<\/p>\t\t\t\t\t<\/div>\n\t\t\t\t\t\t<\/div>\n\t\t\t\t<\/div>\n\t\t\t\t<div class=\"elementor-element elementor-element-9089c1f elementor-align-center elementor-mobile-align-center elementor-tablet-align-center elementor-widget elementor-widget-button\" data-id=\"9089c1f\" data-element_type=\"widget\" data-widget_type=\"button.default\">\n\t\t\t\t<div class=\"elementor-widget-container\">\n\t\t\t\t\t<div class=\"elementor-button-wrapper\">\n\t\t\t<a href=\"https:\/\/orascoptic.newyorkdental.hu\/#kapcsolat\" class=\"elementor-button-link elementor-button elementor-size-sm elementor-animation-float\" role=\"button\">\n\t\t\t\t\t\t<span class=\"elementor-button-content-wrapper\">\n\t\t\t\t\t\t<span class=\"elementor-button-icon elementor-align-icon-left\">\n\t\t\t\t\t\t\t<\/span>\n\t\t\t\t\t\t<span class=\"elementor-button-text\">\u00c9RDEKEL<\/span>\n\t\t<\/span>\n\t\t\t\t\t<\/a>\n\t\t<\/div>\n\t\t\t\t<\/div>\n\t\t\t\t<\/div>\n\t\t\t\t<div class=\"elementor-element elementor-element-12eea51 elementor-widget-divider--view-line elementor-widget elementor-widget-divider\" data-id=\"12eea51\" data-element_type=\"widget\" data-widget_type=\"divider.default\">\n\t\t\t\t<div class=\"elementor-widget-container\">\n\t\t\t\t\t<div class=\"elementor-divider\">\n\t\t\t<span class=\"elementor-divider-separator\">\n\t\t\t\t\t\t<\/span>\n\t\t<\/div>\n\t\t\t\t<\/div>\n\t\t\t\t<\/div>\n\t\t\t\t\t\t<\/div>\n\t\t\t\t\t<\/div>\n\t\t<\/div>\n\t\t\t\t\t\t\t\t<\/div>\n\t\t\t\t\t<\/div>\n\t\t<\/section>\n\t\t\t\t\t\t<\/div>\n\t\t\t\t\t\t<\/div>\n\t\t\t\t\t<\/div>\n\t\t","protected":false},"excerpt":{"rendered":"<p>A lupe hat\u00e1sa a fogorvosok mozg\u00e1sszervi kellemetlens\u00e9geinek cs\u00f6kkent\u00e9s\u00e9re A munk\u00e1val \u00f6sszef\u00fcgg\u0151 mozg\u00e1sszervi rendelleness\u00e9gek (MSD) a leggyakoribb eg\u00e9szs\u00e9g\u00fcgyi probl\u00e9m\u00e1k a munkaer\u0151 k\u00f6r\u00e9ben. Ezek a probl\u00e9m\u00e1k sok munkanap kies\u00e9s\u00e9t, megn\u00f6vekedett hi\u00e1nyz\u00e1st \u00e9s jelent\u0151s gazdas\u00e1gi k\u00f6lts\u00e9geket okoznak. Az egyik legfontosabb kock\u00e1zati t\u00e9nyez\u0151 az\u00a0ergon\u00f3miailag kedvez\u0151tlen testtart\u00e1s. A tanulm\u00e1ny c\u00e9lja egy ergon\u00f3miai beavatkoz\u00e1s, azaz a\u00a0nagy\u00edt\u00f3 lencs\u00e9k (lup\u00e9k) haszn\u00e1lat\u00e1nak\u00a0vizsg\u00e1lata volt a [&hellip;]<\/p>\n","protected":false},"author":1,"featured_media":0,"parent":0,"menu_order":0,"comment_status":"closed","ping_status":"closed","template":"","meta":[],"yoast_head":"<!-- This site is optimized with the Yoast SEO plugin v16.2 - https:\/\/yoast.com\/wordpress\/plugins\/seo\/ -->\n<title>A lupe hat\u00e1sa a fogorvosok mozg\u00e1sszervi kellemetlens\u00e9geinek cs\u00f6kkent\u00e9s\u00e9re - Orascoptic<\/title>\n<meta name=\"robots\" content=\"index, follow, max-snippet:-1, max-image-preview:large, max-video-preview:-1\" \/>\n<link rel=\"canonical\" href=\"https:\/\/orascoptic.newyorkdental.hu\/?page_id=1437\" \/>\n<meta property=\"og:locale\" content=\"hu_HU\" \/>\n<meta property=\"og:type\" content=\"article\" \/>\n<meta property=\"og:title\" content=\"A lupe hat\u00e1sa a fogorvosok mozg\u00e1sszervi kellemetlens\u00e9geinek cs\u00f6kkent\u00e9s\u00e9re - Orascoptic\" \/>\n<meta property=\"og:description\" content=\"A lupe hat\u00e1sa a fogorvosok mozg\u00e1sszervi kellemetlens\u00e9geinek cs\u00f6kkent\u00e9s\u00e9re A munk\u00e1val \u00f6sszef\u00fcgg\u0151 mozg\u00e1sszervi rendelleness\u00e9gek (MSD) a leggyakoribb eg\u00e9szs\u00e9g\u00fcgyi probl\u00e9m\u00e1k a munkaer\u0151 k\u00f6r\u00e9ben. Ezek a probl\u00e9m\u00e1k sok munkanap kies\u00e9s\u00e9t, megn\u00f6vekedett hi\u00e1nyz\u00e1st \u00e9s jelent\u0151s gazdas\u00e1gi k\u00f6lts\u00e9geket okoznak. Az egyik legfontosabb kock\u00e1zati t\u00e9nyez\u0151 az\u00a0ergon\u00f3miailag kedvez\u0151tlen testtart\u00e1s. A tanulm\u00e1ny c\u00e9lja egy ergon\u00f3miai beavatkoz\u00e1s, azaz a\u00a0nagy\u00edt\u00f3 lencs\u00e9k (lup\u00e9k) haszn\u00e1lat\u00e1nak\u00a0vizsg\u00e1lata volt a [&hellip;]\" \/>\n<meta property=\"og:url\" content=\"https:\/\/orascoptic.newyorkdental.hu\/?page_id=1437\" \/>\n<meta property=\"og:site_name\" content=\"Orascoptic\" \/>\n<meta property=\"article:modified_time\" content=\"2026-01-05T13:33:16+00:00\" \/>\n<meta property=\"og:image\" content=\"https:\/\/orascoptic.newyorkdental.hu\/wp-content\/uploads\/elementor\/thumbs\/blog-2-rh7kzr8slk0scgznsm5zky86txr8fy0umj5kss8z5m.jpg\" \/>\n<meta name=\"twitter:card\" content=\"summary_large_image\" \/>\n<meta name=\"twitter:label1\" content=\"Becs\u00fclt olvas\u00e1si id\u0151\">\n\t<meta name=\"twitter:data1\" content=\"2 perc\">\n<script type=\"application\/ld+json\" class=\"yoast-schema-graph\">{\"@context\":\"https:\/\/schema.org\",\"@graph\":[{\"@type\":\"WebSite\",\"@id\":\"http:\/\/orascoptic.newyorkdental.hu\/#website\",\"url\":\"http:\/\/orascoptic.newyorkdental.hu\/\",\"name\":\"Orascoptic\",\"description\":\"Professzion\\u00e1lis orvosi lup\\u00e9k\",\"potentialAction\":[{\"@type\":\"SearchAction\",\"target\":\"http:\/\/orascoptic.newyorkdental.hu\/?s={search_term_string}\",\"query-input\":\"required name=search_term_string\"}],\"inLanguage\":\"hu\"},{\"@type\":\"ImageObject\",\"@id\":\"https:\/\/orascoptic.newyorkdental.hu\/?page_id=1437#primaryimage\",\"inLanguage\":\"hu\",\"url\":\"https:\/\/orascoptic.newyorkdental.hu\/wp-content\/uploads\/elementor\/thumbs\/blog-2-rh7kzr8slk0scgznsm5zky86txr8fy0umj5kss8z5m.jpg\",\"contentUrl\":\"https:\/\/orascoptic.newyorkdental.hu\/wp-content\/uploads\/elementor\/thumbs\/blog-2-rh7kzr8slk0scgznsm5zky86txr8fy0umj5kss8z5m.jpg\"},{\"@type\":\"WebPage\",\"@id\":\"https:\/\/orascoptic.newyorkdental.hu\/?page_id=1437#webpage\",\"url\":\"https:\/\/orascoptic.newyorkdental.hu\/?page_id=1437\",\"name\":\"A lupe hat\\u00e1sa a fogorvosok mozg\\u00e1sszervi kellemetlens\\u00e9geinek cs\\u00f6kkent\\u00e9s\\u00e9re - Orascoptic\",\"isPartOf\":{\"@id\":\"http:\/\/orascoptic.newyorkdental.hu\/#website\"},\"primaryImageOfPage\":{\"@id\":\"https:\/\/orascoptic.newyorkdental.hu\/?page_id=1437#primaryimage\"},\"datePublished\":\"2026-01-05T13:30:31+00:00\",\"dateModified\":\"2026-01-05T13:33:16+00:00\",\"breadcrumb\":{\"@id\":\"https:\/\/orascoptic.newyorkdental.hu\/?page_id=1437#breadcrumb\"},\"inLanguage\":\"hu\",\"potentialAction\":[{\"@type\":\"ReadAction\",\"target\":[\"https:\/\/orascoptic.newyorkdental.hu\/?page_id=1437\"]}]},{\"@type\":\"BreadcrumbList\",\"@id\":\"https:\/\/orascoptic.newyorkdental.hu\/?page_id=1437#breadcrumb\",\"itemListElement\":[{\"@type\":\"ListItem\",\"position\":1,\"item\":{\"@type\":\"WebPage\",\"@id\":\"https:\/\/orascoptic.newyorkdental.hu\/\",\"url\":\"https:\/\/orascoptic.newyorkdental.hu\/\",\"name\":\"Kezd\\u0151lap\"}},{\"@type\":\"ListItem\",\"position\":2,\"item\":{\"@id\":\"https:\/\/orascoptic.newyorkdental.hu\/?page_id=1437#webpage\"}}]}]}<\/script>\n<!-- \/ Yoast SEO plugin. -->","_links":{"self":[{"href":"https:\/\/orascoptic.newyorkdental.hu\/index.php?rest_route=\/wp\/v2\/pages\/1437"}],"collection":[{"href":"https:\/\/orascoptic.newyorkdental.hu\/index.php?rest_route=\/wp\/v2\/pages"}],"about":[{"href":"https:\/\/orascoptic.newyorkdental.hu\/index.php?rest_route=\/wp\/v2\/types\/page"}],"author":[{"embeddable":true,"href":"https:\/\/orascoptic.newyorkdental.hu\/index.php?rest_route=\/wp\/v2\/users\/1"}],"replies":[{"embeddable":true,"href":"https:\/\/orascoptic.newyorkdental.hu\/index.php?rest_route=%2Fwp%2Fv2%2Fcomments&post=1437"}],"version-history":[{"count":10,"href":"https:\/\/orascoptic.newyorkdental.hu\/index.php?rest_route=\/wp\/v2\/pages\/1437\/revisions"}],"predecessor-version":[{"id":1450,"href":"https:\/\/orascoptic.newyorkdental.hu\/index.php?rest_route=\/wp\/v2\/pages\/1437\/revisions\/1450"}],"wp:attachment":[{"href":"https:\/\/orascoptic.newyorkdental.hu\/index.php?rest_route=%2Fwp%2Fv2%2Fmedia&parent=1437"}],"curies":[{"name":"wp","href":"https:\/\/api.w.org\/{rel}","templated":true}]}}