{"id":1272,"date":"2025-09-08T07:59:41","date_gmt":"2025-09-08T07:59:41","guid":{"rendered":"https:\/\/orascoptic.newyorkdental.hu\/?page_id=1272"},"modified":"2025-09-08T08:14:26","modified_gmt":"2025-09-08T08:14:26","slug":"miert-erdemes-ingyenes-bemeresre-jelentkezni-az-orascoptic-nal","status":"publish","type":"page","link":"https:\/\/orascoptic.newyorkdental.hu\/?page_id=1272","title":{"rendered":"Mi\u00e9rt \u00e9rdemes ingyenes bem\u00e9r\u00e9sre jelentkezni az Orascoptic-n\u00e1l?"},"content":{"rendered":"\t\t<div data-elementor-type=\"wp-page\" data-elementor-id=\"1272\" class=\"elementor elementor-1272\" data-elementor-settings=\"[]\">\n\t\t\t\t\t\t<div class=\"elementor-inner\">\n\t\t\t\t\t\t\t<div class=\"elementor-section-wrap\">\n\t\t\t\t\t\t\t<section class=\"elementor-section elementor-top-section elementor-element elementor-element-70a750f elementor-section-boxed elementor-section-height-default elementor-section-height-default\" data-id=\"70a750f\" data-element_type=\"section\" id=\"rlupek\">\n\t\t\t\t\t\t<div class=\"elementor-container elementor-column-gap-default\">\n\t\t\t\t\t\t\t<div class=\"elementor-row\">\n\t\t\t\t\t<div class=\"elementor-column elementor-col-100 elementor-top-column elementor-element elementor-element-d71b2ec\" data-id=\"d71b2ec\" data-element_type=\"column\">\n\t\t\t<div class=\"elementor-column-wrap elementor-element-populated\">\n\t\t\t\t\t\t\t<div class=\"elementor-widget-wrap\">\n\t\t\t\t\t\t<section class=\"elementor-section elementor-inner-section elementor-element elementor-element-64b4445 elementor-section-boxed elementor-section-height-default elementor-section-height-default\" data-id=\"64b4445\" data-element_type=\"section\">\n\t\t\t\t\t\t<div class=\"elementor-container elementor-column-gap-default\">\n\t\t\t\t\t\t\t<div class=\"elementor-row\">\n\t\t\t\t\t<div class=\"elementor-column elementor-col-100 elementor-inner-column elementor-element elementor-element-56dc922\" data-id=\"56dc922\" data-element_type=\"column\">\n\t\t\t<div class=\"elementor-column-wrap elementor-element-populated\">\n\t\t\t\t\t\t\t<div class=\"elementor-widget-wrap\">\n\t\t\t\t\t\t<div class=\"elementor-element elementor-element-0d7497d elementor-invisible elementor-widget elementor-widget-alert\" data-id=\"0d7497d\" data-element_type=\"widget\" data-settings=\"{&quot;_animation&quot;:&quot;fadeInDown&quot;}\" data-widget_type=\"alert.default\">\n\t\t\t\t<div class=\"elementor-widget-container\">\n\t\t\t\t\t<div class=\"elementor-alert elementor-alert-info\" role=\"alert\">\n\t\t\t<span class=\"elementor-alert-title\">Mi\u00e9rt \u00e9rdemes ingyenes bem\u00e9r\u00e9sre jelentkezni az Orascoptic-n\u00e1l?<\/span>\n\t\t\t\t\t\t\t\t<\/div>\n\t\t\t\t<\/div>\n\t\t\t\t<\/div>\n\t\t\t\t\t\t<\/div>\n\t\t\t\t\t<\/div>\n\t\t<\/div>\n\t\t\t\t\t\t\t\t<\/div>\n\t\t\t\t\t<\/div>\n\t\t<\/section>\n\t\t\t\t<div class=\"elementor-element elementor-element-7b83933 elementor-widget-divider--view-line elementor-widget elementor-widget-divider\" data-id=\"7b83933\" data-element_type=\"widget\" data-widget_type=\"divider.default\">\n\t\t\t\t<div class=\"elementor-widget-container\">\n\t\t\t\t\t<div class=\"elementor-divider\">\n\t\t\t<span class=\"elementor-divider-separator\">\n\t\t\t\t\t\t<\/span>\n\t\t<\/div>\n\t\t\t\t<\/div>\n\t\t\t\t<\/div>\n\t\t\t\t<section class=\"elementor-section elementor-inner-section elementor-element elementor-element-5849ed6 elementor-section-boxed elementor-section-height-default elementor-section-height-default\" data-id=\"5849ed6\" data-element_type=\"section\">\n\t\t\t\t\t\t<div class=\"elementor-container elementor-column-gap-default\">\n\t\t\t\t\t\t\t<div class=\"elementor-row\">\n\t\t\t\t\t<div class=\"elementor-column elementor-col-50 elementor-inner-column elementor-element elementor-element-bc06604\" data-id=\"bc06604\" data-element_type=\"column\">\n\t\t\t<div class=\"elementor-column-wrap elementor-element-populated\">\n\t\t\t\t\t\t\t<div class=\"elementor-widget-wrap\">\n\t\t\t\t\t\t<div class=\"elementor-element elementor-element-6810691 elementor-widget elementor-widget-image\" data-id=\"6810691\" data-element_type=\"widget\" data-widget_type=\"image.default\">\n\t\t\t\t<div class=\"elementor-widget-container\">\n\t\t\t\t\t\t\t\t<div class=\"elementor-image\">\n\t\t\t\t\t\t\t\t\t\t\t\t<img src=\"https:\/\/orascoptic.newyorkdental.hu\/wp-content\/uploads\/elementor\/thumbs\/bemeres-rbg0xxv2gdrl9vilr24733pvnw1cm07wer8iai286y.jpg\" title=\"bemeres\" alt=\"Orascoptic ingyenes bem\u00e9r\u00e9s\" \/>\t\t\t\t\t\t\t\t\t\t\t\t\t\t<\/div>\n\t\t\t\t\t\t<\/div>\n\t\t\t\t<\/div>\n\t\t\t\t\t\t<\/div>\n\t\t\t\t\t<\/div>\n\t\t<\/div>\n\t\t\t\t<div class=\"elementor-column elementor-col-50 elementor-inner-column elementor-element elementor-element-99cc454\" data-id=\"99cc454\" data-element_type=\"column\">\n\t\t\t<div class=\"elementor-column-wrap elementor-element-populated\">\n\t\t\t\t\t\t\t<div class=\"elementor-widget-wrap\">\n\t\t\t\t\t\t<div class=\"elementor-element elementor-element-7acc92c elementor-widget elementor-widget-text-editor\" data-id=\"7acc92c\" data-element_type=\"widget\" data-widget_type=\"text-editor.default\">\n\t\t\t\t<div class=\"elementor-widget-container\">\n\t\t\t\t\t\t\t\t<div class=\"elementor-text-editor elementor-clearfix\">\n\t\t\t\t\t<p style=\"text-align: left;\"><strong>1. Teljes k\u00f6r\u0171 m\u00e9retre szab\u00e1s \u2013 minden r\u00e9szletre odafigyelnek<\/strong><br \/>Az Orascoptic szem\u00e9lyre szabott loup\u00e9kat k\u00edn\u00e1l. A bem\u00e9r\u00e9s sor\u00e1n pontosan meghat\u00e1rozz\u00e1k az \u00d6n optikai \u00e9rt\u00e9keit \u2013 ak\u00e1r szem\u00fcveg haszn\u00e1lata mellett is. Ez garant\u00e1lja a k\u00e9nyelmes, ergonomikus illeszked\u00e9st \u00e9s maximaliz\u00e1lja a vizu\u00e1lis teljes\u00edtm\u00e9nyt.<\/p>\t\t\t\t\t<\/div>\n\t\t\t\t\t\t<\/div>\n\t\t\t\t<\/div>\n\t\t\t\t<div class=\"elementor-element elementor-element-2869644 elementor-widget elementor-widget-text-editor\" data-id=\"2869644\" data-element_type=\"widget\" data-widget_type=\"text-editor.default\">\n\t\t\t\t<div class=\"elementor-widget-container\">\n\t\t\t\t\t\t\t\t<div class=\"elementor-text-editor elementor-clearfix\">\n\t\t\t\t\t<p style=\"text-align: left;\"><strong>2. Val\u00f3ban d\u00edjmentes kipr\u00f3b\u00e1l\u00e1si lehet\u0151s\u00e9g<\/strong><br \/>A bem\u00e9r\u00e9s teljesen ingyenes \u2013 nincs v\u00e1s\u00e1rl\u00e1si k\u00f6telezetts\u00e9g. Ez ide\u00e1lis lehet\u0151s\u00e9g arra, hogy kipr\u00f3b\u00e1lja, milyen \u00e9rz\u00e9s a vil\u00e1g egyik legfejlettebb loupe-j\u00e1t viselni.<\/p>\t\t\t\t\t<\/div>\n\t\t\t\t\t\t<\/div>\n\t\t\t\t<\/div>\n\t\t\t\t\t\t<\/div>\n\t\t\t\t\t<\/div>\n\t\t<\/div>\n\t\t\t\t\t\t\t\t<\/div>\n\t\t\t\t\t<\/div>\n\t\t<\/section>\n\t\t\t\t<div class=\"elementor-element elementor-element-bed5c65 elementor-widget elementor-widget-text-editor\" data-id=\"bed5c65\" data-element_type=\"widget\" data-widget_type=\"text-editor.default\">\n\t\t\t\t<div class=\"elementor-widget-container\">\n\t\t\t\t\t\t\t\t<div class=\"elementor-text-editor elementor-clearfix\">\n\t\t\t\t\t<p><b>3. Prec\u00edzebb, r\u00e9szletgazdagabb munkav\u00e9gz\u00e9s<br \/><\/b>Az Orascoptic loup\u00e9k krist\u00e1lytiszta, HD-szer\u0171 k\u00e9pet adnak, amely seg\u00edt \u00e9szrevenni a legapr\u00f3bb r\u00e9szleteket is a kezel\u00e9sek sor\u00e1n. Ez n\u00f6veli a precizit\u00e1st, gyors\u00edtja a munk\u00e1t, \u00e9s hozz\u00e1j\u00e1rul a p\u00e1ciensek el\u00e9gedetts\u00e9g\u00e9hez is.<\/p><p><strong>4. Sz\u00e9les nagy\u00edt\u00e1si v\u00e1laszt\u00e9k<br \/><\/strong>Legyen sz\u00f3 alapkezel\u00e9sekr\u0151l vagy mikroszk\u00f3pikus r\u00e9szletess\u00e9get ig\u00e9nyl\u0151 beavatkoz\u00e1sokr\u00f3l, az Orascoptic minden ig\u00e9nyt lefed: 2,5\u00d7, 3\u00d7, 3,5\u00d7, 4,5\u00d7, 5,5\u00d7 \u00e9s 6,5\u00d7 nagy\u00edt\u00e1si fokozatok \u00e9rhet\u0151k el.<\/p><p><strong>5. Eg\u00e9szs\u00e9gesebb testtart\u00e1s<br \/><\/strong>A loup\u00e9 haszn\u00e1lat\u00e1val t\u00f6bb\u00e9 nem kell el\u0151re g\u00f6rnyedni vagy nyakat hajl\u00edtani \u2013 a prec\u00edz optika k\u00f6zel hozza a kezel\u00e9si ter\u00fcletet. \u00cdgy cs\u00f6kkenthet\u0151 a nyaki \u00e9s h\u00e1tf\u00e1jdalom kialakul\u00e1sa, \u00e9s hosszabb t\u00e1von is eg\u00e9szs\u00e9gesebb munkak\u00f6rnyezet teremthet\u0151.<\/p><p><strong>6. Magyarorsz\u00e1gi szak\u00e9rt\u0151i k\u00e9pviselet<br \/><\/strong>Az Orascoptic hivatalos forgalmaz\u00f3ja a NEW YORK DENTAL KFT. \u2013 t\u00f6bb, mint 30 \u00e9v tapasztalattal, stabil h\u00e1tt\u00e9rrel \u00e9s \u00fcgyf\u00e9lt\u00e1mogat\u00e1ssal. \u00d6n biztos lehet abban, hogy a legjobb kezekben van, a teljes folyamatot magyar szak\u00e9rt\u0151k k\u00eds\u00e9rik v\u00e9gig.<\/p>\t\t\t\t\t<\/div>\n\t\t\t\t\t\t<\/div>\n\t\t\t\t<\/div>\n\t\t\t\t<div class=\"elementor-element elementor-element-8b088a2 elementor-widget elementor-widget-text-editor\" data-id=\"8b088a2\" data-element_type=\"widget\" data-widget_type=\"text-editor.default\">\n\t\t\t\t<div class=\"elementor-widget-container\">\n\t\t\t\t\t\t\t\t<div class=\"elementor-text-editor elementor-clearfix\">\n\t\t\t\t\t<p><span style=\"font-size: 1rem;\"><b>Hogyan zajlik az ingyenes bem\u00e9r\u00e9s?<br \/><\/b><\/span>1. Id\u0151pont egyeztet\u00e9s a weboldalon kereszt\u00fcl.<br \/>2. Szem\u00e9lyes tal\u00e1lkoz\u00f3 szak\u00e9rt\u0151 koll\u00e9g\u00e1inkkal.<br \/>3. Optikai \u00e9s ergon\u00f3miai bem\u00e9r\u00e9s a pontos illeszked\u00e9s \u00e9rdek\u00e9ben.<br \/>4. Loupe kipr\u00f3b\u00e1l\u00e1sa \u2013 saj\u00e1t \u00e9lm\u00e9nyen kereszt\u00fcl d\u00f6nthet.<\/p>\t\t\t\t\t<\/div>\n\t\t\t\t\t\t<\/div>\n\t\t\t\t<\/div>\n\t\t\t\t<div class=\"elementor-element elementor-element-d28b7f0 elementor-widget elementor-widget-text-editor\" data-id=\"d28b7f0\" data-element_type=\"widget\" data-widget_type=\"text-editor.default\">\n\t\t\t\t<div class=\"elementor-widget-container\">\n\t\t\t\t\t\t\t\t<div class=\"elementor-text-editor elementor-clearfix\">\n\t\t\t\t\t<p><b>Mi\u00e9rt \u00e9rdemes MOST jelentkezni?<\/b><\/p><ul><li>Az Orascoptic loup\u00e9 nem csup\u00e1n egy eszk\u00f6z \u2013 hanem egy befektet\u00e9s a szakmai j\u00f6v\u0151be.<\/li><li>Seg\u00edt n\u00f6velni a kezel\u00e9sek precizit\u00e1s\u00e1t.<\/li><li>Hossz\u00fa t\u00e1von meg\u00f3vja a gerincet \u00e9s az eg\u00e9szs\u00e9get.<\/li><li>Emeli a p\u00e1ciensek bizalm\u00e1t \u00e9s el\u00e9gedetts\u00e9g\u00e9t.<\/li><li>Teljesen kock\u00e1zatmentes a kipr\u00f3b\u00e1l\u00e1s, hiszen a bem\u00e9r\u00e9s d\u00edjmentes.<br \/><br \/><\/li><\/ul><p><img class=\"emoji\" role=\"img\" draggable=\"false\" src=\"https:\/\/s.w.org\/images\/core\/emoji\/13.0.1\/svg\/1f4a1.svg\" alt=\"\ud83d\udca1\" \/> Ne halogassa! Tapasztalja meg, hogyan v\u00e1ltoztatja meg mindennapi munk\u00e1j\u00e1t egy t\u00f6k\u00e9letesen illeszked\u0151 loupe.<\/p><p>Jelentkezzen most az ingyenes bem\u00e9r\u00e9sre, \u00e9s tegyen egy l\u00e9p\u00e9st a k\u00e9nyelmesebb \u00e9s prec\u00edzebb fog\u00e1szati munkav\u00e9gz\u00e9s fel\u00e9<\/p>\t\t\t\t\t<\/div>\n\t\t\t\t\t\t<\/div>\n\t\t\t\t<\/div>\n\t\t\t\t<div class=\"elementor-element elementor-element-9089c1f elementor-align-center elementor-mobile-align-center elementor-tablet-align-center elementor-widget elementor-widget-button\" data-id=\"9089c1f\" data-element_type=\"widget\" data-widget_type=\"button.default\">\n\t\t\t\t<div class=\"elementor-widget-container\">\n\t\t\t\t\t<div class=\"elementor-button-wrapper\">\n\t\t\t<a href=\"https:\/\/orascoptic.newyorkdental.hu\/#kapcsolat\" class=\"elementor-button-link elementor-button elementor-size-sm elementor-animation-float\" role=\"button\">\n\t\t\t\t\t\t<span class=\"elementor-button-content-wrapper\">\n\t\t\t\t\t\t<span class=\"elementor-button-icon elementor-align-icon-left\">\n\t\t\t\t\t\t\t<\/span>\n\t\t\t\t\t\t<span class=\"elementor-button-text\">\u00c9RDEKEL<\/span>\n\t\t<\/span>\n\t\t\t\t\t<\/a>\n\t\t<\/div>\n\t\t\t\t<\/div>\n\t\t\t\t<\/div>\n\t\t\t\t<div class=\"elementor-element elementor-element-12eea51 elementor-widget-divider--view-line elementor-widget elementor-widget-divider\" data-id=\"12eea51\" data-element_type=\"widget\" data-widget_type=\"divider.default\">\n\t\t\t\t<div class=\"elementor-widget-container\">\n\t\t\t\t\t<div class=\"elementor-divider\">\n\t\t\t<span class=\"elementor-divider-separator\">\n\t\t\t\t\t\t<\/span>\n\t\t<\/div>\n\t\t\t\t<\/div>\n\t\t\t\t<\/div>\n\t\t\t\t\t\t<\/div>\n\t\t\t\t\t<\/div>\n\t\t<\/div>\n\t\t\t\t\t\t\t\t<\/div>\n\t\t\t\t\t<\/div>\n\t\t<\/section>\n\t\t\t\t\t\t<\/div>\n\t\t\t\t\t\t<\/div>\n\t\t\t\t\t<\/div>\n\t\t","protected":false},"excerpt":{"rendered":"<p>Mi\u00e9rt \u00e9rdemes ingyenes bem\u00e9r\u00e9sre jelentkezni az Orascoptic-n\u00e1l? 1. Teljes k\u00f6r\u0171 m\u00e9retre szab\u00e1s \u2013 minden r\u00e9szletre odafigyelnekAz Orascoptic szem\u00e9lyre szabott loup\u00e9kat k\u00edn\u00e1l. A bem\u00e9r\u00e9s sor\u00e1n pontosan meghat\u00e1rozz\u00e1k az \u00d6n optikai \u00e9rt\u00e9keit \u2013 ak\u00e1r szem\u00fcveg haszn\u00e1lata mellett is. Ez garant\u00e1lja a k\u00e9nyelmes, ergonomikus illeszked\u00e9st \u00e9s maximaliz\u00e1lja a vizu\u00e1lis teljes\u00edtm\u00e9nyt. 2. Val\u00f3ban d\u00edjmentes kipr\u00f3b\u00e1l\u00e1si lehet\u0151s\u00e9gA bem\u00e9r\u00e9s teljesen ingyenes [&hellip;]<\/p>\n","protected":false},"author":1,"featured_media":0,"parent":0,"menu_order":0,"comment_status":"closed","ping_status":"closed","template":"","meta":[],"yoast_head":"<!-- This site is optimized with the Yoast SEO plugin v16.2 - https:\/\/yoast.com\/wordpress\/plugins\/seo\/ -->\n<title>Mi\u00e9rt \u00e9rdemes ingyenes bem\u00e9r\u00e9sre jelentkezni az Orascoptic-n\u00e1l? - Orascoptic<\/title>\n<meta name=\"robots\" content=\"index, follow, max-snippet:-1, max-image-preview:large, max-video-preview:-1\" \/>\n<link rel=\"canonical\" href=\"https:\/\/orascoptic.newyorkdental.hu\/?page_id=1272\" \/>\n<meta property=\"og:locale\" content=\"hu_HU\" \/>\n<meta property=\"og:type\" content=\"article\" \/>\n<meta property=\"og:title\" content=\"Mi\u00e9rt \u00e9rdemes ingyenes bem\u00e9r\u00e9sre jelentkezni az Orascoptic-n\u00e1l? - Orascoptic\" \/>\n<meta property=\"og:description\" content=\"Mi\u00e9rt \u00e9rdemes ingyenes bem\u00e9r\u00e9sre jelentkezni az Orascoptic-n\u00e1l? 1. Teljes k\u00f6r\u0171 m\u00e9retre szab\u00e1s \u2013 minden r\u00e9szletre odafigyelnekAz Orascoptic szem\u00e9lyre szabott loup\u00e9kat k\u00edn\u00e1l. A bem\u00e9r\u00e9s sor\u00e1n pontosan meghat\u00e1rozz\u00e1k az \u00d6n optikai \u00e9rt\u00e9keit \u2013 ak\u00e1r szem\u00fcveg haszn\u00e1lata mellett is. Ez garant\u00e1lja a k\u00e9nyelmes, ergonomikus illeszked\u00e9st \u00e9s maximaliz\u00e1lja a vizu\u00e1lis teljes\u00edtm\u00e9nyt. 2. Val\u00f3ban d\u00edjmentes kipr\u00f3b\u00e1l\u00e1si lehet\u0151s\u00e9gA bem\u00e9r\u00e9s teljesen ingyenes [&hellip;]\" \/>\n<meta property=\"og:url\" content=\"https:\/\/orascoptic.newyorkdental.hu\/?page_id=1272\" \/>\n<meta property=\"og:site_name\" content=\"Orascoptic\" \/>\n<meta property=\"article:modified_time\" content=\"2025-09-08T08:14:26+00:00\" \/>\n<meta property=\"og:image\" content=\"https:\/\/orascoptic.newyorkdental.hu\/wp-content\/uploads\/elementor\/thumbs\/bemeres-rbg0xxv2gdrl9vilr24733pvnw1cm07wer8iai286y.jpg\" \/>\n<meta name=\"twitter:card\" content=\"summary_large_image\" \/>\n<meta name=\"twitter:label1\" content=\"Becs\u00fclt olvas\u00e1si id\u0151\">\n\t<meta name=\"twitter:data1\" content=\"2 perc\">\n<script type=\"application\/ld+json\" class=\"yoast-schema-graph\">{\"@context\":\"https:\/\/schema.org\",\"@graph\":[{\"@type\":\"WebSite\",\"@id\":\"http:\/\/orascoptic.newyorkdental.hu\/#website\",\"url\":\"http:\/\/orascoptic.newyorkdental.hu\/\",\"name\":\"Orascoptic\",\"description\":\"Professzion\\u00e1lis orvosi lup\\u00e9k\",\"potentialAction\":[{\"@type\":\"SearchAction\",\"target\":\"http:\/\/orascoptic.newyorkdental.hu\/?s={search_term_string}\",\"query-input\":\"required name=search_term_string\"}],\"inLanguage\":\"hu\"},{\"@type\":\"ImageObject\",\"@id\":\"https:\/\/orascoptic.newyorkdental.hu\/?page_id=1272#primaryimage\",\"inLanguage\":\"hu\",\"url\":\"https:\/\/orascoptic.newyorkdental.hu\/wp-content\/uploads\/elementor\/thumbs\/bemeres-rbg0xxv2gdrl9vilr24733pvnw1cm07wer8iai286y.jpg\",\"contentUrl\":\"https:\/\/orascoptic.newyorkdental.hu\/wp-content\/uploads\/elementor\/thumbs\/bemeres-rbg0xxv2gdrl9vilr24733pvnw1cm07wer8iai286y.jpg\"},{\"@type\":\"WebPage\",\"@id\":\"https:\/\/orascoptic.newyorkdental.hu\/?page_id=1272#webpage\",\"url\":\"https:\/\/orascoptic.newyorkdental.hu\/?page_id=1272\",\"name\":\"Mi\\u00e9rt \\u00e9rdemes ingyenes bem\\u00e9r\\u00e9sre jelentkezni az Orascoptic-n\\u00e1l? - Orascoptic\",\"isPartOf\":{\"@id\":\"http:\/\/orascoptic.newyorkdental.hu\/#website\"},\"primaryImageOfPage\":{\"@id\":\"https:\/\/orascoptic.newyorkdental.hu\/?page_id=1272#primaryimage\"},\"datePublished\":\"2025-09-08T07:59:41+00:00\",\"dateModified\":\"2025-09-08T08:14:26+00:00\",\"breadcrumb\":{\"@id\":\"https:\/\/orascoptic.newyorkdental.hu\/?page_id=1272#breadcrumb\"},\"inLanguage\":\"hu\",\"potentialAction\":[{\"@type\":\"ReadAction\",\"target\":[\"https:\/\/orascoptic.newyorkdental.hu\/?page_id=1272\"]}]},{\"@type\":\"BreadcrumbList\",\"@id\":\"https:\/\/orascoptic.newyorkdental.hu\/?page_id=1272#breadcrumb\",\"itemListElement\":[{\"@type\":\"ListItem\",\"position\":1,\"item\":{\"@type\":\"WebPage\",\"@id\":\"https:\/\/orascoptic.newyorkdental.hu\/\",\"url\":\"https:\/\/orascoptic.newyorkdental.hu\/\",\"name\":\"Kezd\\u0151lap\"}},{\"@type\":\"ListItem\",\"position\":2,\"item\":{\"@id\":\"https:\/\/orascoptic.newyorkdental.hu\/?page_id=1272#webpage\"}}]}]}<\/script>\n<!-- \/ Yoast SEO plugin. -->","_links":{"self":[{"href":"https:\/\/orascoptic.newyorkdental.hu\/index.php?rest_route=\/wp\/v2\/pages\/1272"}],"collection":[{"href":"https:\/\/orascoptic.newyorkdental.hu\/index.php?rest_route=\/wp\/v2\/pages"}],"about":[{"href":"https:\/\/orascoptic.newyorkdental.hu\/index.php?rest_route=\/wp\/v2\/types\/page"}],"author":[{"embeddable":true,"href":"https:\/\/orascoptic.newyorkdental.hu\/index.php?rest_route=\/wp\/v2\/users\/1"}],"replies":[{"embeddable":true,"href":"https:\/\/orascoptic.newyorkdental.hu\/index.php?rest_route=%2Fwp%2Fv2%2Fcomments&post=1272"}],"version-history":[{"count":19,"href":"https:\/\/orascoptic.newyorkdental.hu\/index.php?rest_route=\/wp\/v2\/pages\/1272\/revisions"}],"predecessor-version":[{"id":1291,"href":"https:\/\/orascoptic.newyorkdental.hu\/index.php?rest_route=\/wp\/v2\/pages\/1272\/revisions\/1291"}],"wp:attachment":[{"href":"https:\/\/orascoptic.newyorkdental.hu\/index.php?rest_route=%2Fwp%2Fv2%2Fmedia&parent=1272"}],"curies":[{"name":"wp","href":"https:\/\/api.w.org\/{rel}","templated":true}]}}